CRAN Package Check Results for Package readsdr

Last updated on 2021-07-24 07:49:36 CEST.

Flavor Version Tinstall Tcheck Ttotal Status Flags
r-devel-linux-x86_64-debian-clang 0.2.0 4.39 42.99 47.38 NOTE
r-devel-linux-x86_64-debian-gcc 0.2.0 3.29 32.68 35.97 NOTE
r-devel-linux-x86_64-fedora-clang 0.2.0 65.38 NOTE
r-devel-linux-x86_64-fedora-gcc 0.2.0 56.01 NOTE
r-devel-windows-x86_64 0.2.0 6.00 47.00 53.00 NOTE
r-devel-windows-x86_64-gcc10-UCRT 0.2.0 NOTE
r-patched-linux-x86_64 0.2.0 4.30 40.73 45.03 NOTE
r-patched-solaris-x86 0.2.0 79.80 NOTE
r-release-linux-x86_64 0.2.0 3.84 40.86 44.70 NOTE
r-release-macos-arm64 0.2.0 NOTE
r-release-macos-x86_64 0.2.0 NOTE
r-release-windows-ix86+x86_64 0.2.0 8.00 51.00 59.00 NOTE
r-oldrel-macos-x86_64 0.2.0 OK
r-oldrel-windows-ix86+x86_64 0.2.0 8.00 56.00 64.00 OK

Check Details

Version: 0.2.0
Check: LazyData
Result: NOTE
     'LazyData' is specified without a 'data' directory
Flavors: r-devel-linux-x86_64-debian-clang, r-devel-linux-x86_64-debian-gcc, r-devel-linux-x86_64-fedora-clang, r-devel-linux-x86_64-fedora-gcc, r-devel-windows-x86_64, r-devel-windows-x86_64-gcc10-UCRT, r-patched-linux-x86_64, r-patched-solaris-x86, r-release-linux-x86_64, r-release-macos-arm64, r-release-macos-x86_64, r-release-windows-ix86+x86_64