CRAN Package Check Results for Package reader

Last updated on 2021-10-18 04:54:31 CEST.

Flavor Version Tinstall Tcheck Ttotal Status Flags
r-devel-linux-x86_64-debian-clang 1.0.6 3.41 29.04 32.45 NOTE
r-devel-linux-x86_64-debian-gcc 1.0.6 2.66 22.89 25.55 NOTE
r-devel-linux-x86_64-fedora-clang 1.0.6 49.37 NOTE
r-devel-linux-x86_64-fedora-gcc 1.0.6 38.83 NOTE
r-devel-windows-x86_64 1.0.6 5.00 42.00 47.00 OK
r-devel-windows-x86_64-gcc10-UCRT 1.0.6 OK
r-patched-linux-x86_64 1.0.6 2.89 28.55 31.44 NOTE
r-patched-solaris-x86 1.0.6 57.70 NOTE
r-release-linux-x86_64 1.0.6 2.78 28.48 31.26 NOTE
r-release-macos-arm64 1.0.6 OK
r-release-macos-x86_64 1.0.6 OK
r-release-windows-ix86+x86_64 1.0.6 4.00 50.00 54.00 OK
r-oldrel-macos-x86_64 1.0.6 OK
r-oldrel-windows-ix86+x86_64 1.0.6 7.00 48.00 55.00 OK

Check Details

Version: 1.0.6
Check: for non-standard things in the check directory
Result: NOTE
    Found the following files/directories:
     'temp.txt' 'temp2.csv' 'temp3.rda'
Flavors: r-devel-linux-x86_64-debian-clang, r-devel-linux-x86_64-debian-gcc, r-devel-linux-x86_64-fedora-clang, r-devel-linux-x86_64-fedora-gcc, r-patched-linux-x86_64, r-patched-solaris-x86, r-release-linux-x86_64