Last updated on 2022-07-07 05:56:10 CEST.
Flavor | Version | Tinstall | Tcheck | Ttotal | Status | Flags |
---|---|---|---|---|---|---|
r-devel-linux-x86_64-debian-clang | 1.1.3 | 1.94 | 21.23 | 23.17 | NOTE | |
r-devel-linux-x86_64-debian-gcc | 1.1.3 | 1.57 | 16.87 | 18.44 | NOTE | |
r-devel-linux-x86_64-fedora-clang | 1.1.3 | 39.69 | NOTE | |||
r-devel-linux-x86_64-fedora-gcc | 1.1.3 | 38.66 | NOTE | |||
r-devel-windows-x86_64 | 1.1.3 | 11.00 | 45.00 | 56.00 | NOTE | |
r-patched-linux-x86_64 | 1.1.3 | 1.92 | 21.03 | 22.95 | NOTE | |
r-release-linux-x86_64 | 1.1.3 | 1.61 | 21.21 | 22.82 | NOTE | |
r-release-macos-arm64 | 1.1.3 | 14.00 | NOTE | |||
r-release-macos-x86_64 | 1.1.3 | 19.00 | NOTE | |||
r-release-windows-x86_64 | 1.1.3 | 14.00 | 44.00 | 58.00 | NOTE | |
r-oldrel-macos-arm64 | 1.1.3 | 16.00 | NOTE | |||
r-oldrel-macos-x86_64 | 1.1.3 | 22.00 | NOTE | |||
r-oldrel-windows-ix86+x86_64 | 1.1.3 | 5.00 | 38.00 | 43.00 | NOTE |
Version: 1.1.3
Check: LazyData
Result: NOTE
'LazyData' is specified without a 'data' directory
Flavors: r-devel-linux-x86_64-debian-clang, r-devel-linux-x86_64-debian-gcc, r-devel-linux-x86_64-fedora-clang, r-devel-linux-x86_64-fedora-gcc, r-devel-windows-x86_64, r-patched-linux-x86_64, r-release-linux-x86_64, r-release-macos-arm64, r-release-macos-x86_64, r-release-windows-x86_64, r-oldrel-macos-arm64, r-oldrel-macos-x86_64, r-oldrel-windows-ix86+x86_64