CRAN Package Check Results for Package readOffice

Last updated on 2022-01-28 00:49:05 CET.

Flavor Version Tinstall Tcheck Ttotal Status Flags
r-devel-linux-x86_64-debian-clang 0.2.2 2.12 30.53 32.65 NOTE
r-devel-linux-x86_64-debian-gcc 0.2.2 1.73 23.58 25.31 NOTE
r-devel-linux-x86_64-fedora-clang 0.2.2 39.95 NOTE
r-devel-linux-x86_64-fedora-gcc 0.2.2 28.55 NOTE
r-devel-windows-x86_64-new-UL 0.2.2 15.00 47.00 62.00 NOTE
r-devel-windows-x86_64-new-TK 0.2.2 NOTE
r-patched-linux-x86_64 0.2.2 1.88 28.87 30.75 NOTE
r-release-linux-x86_64 0.2.2 1.94 28.59 30.53 NOTE
r-release-macos-arm64 0.2.2 NOTE
r-release-macos-x86_64 0.2.2 NOTE
r-release-windows-ix86+x86_64 0.2.2 5.00 38.00 43.00 NOTE
r-oldrel-macos-x86_64 0.2.2 OK
r-oldrel-windows-ix86+x86_64 0.2.2 5.00 38.00 43.00 OK

Check Details

Version: 0.2.2
Check: LazyData
Result: NOTE
     'LazyData' is specified without a 'data' directory
Flavors: r-devel-linux-x86_64-debian-clang, r-devel-linux-x86_64-debian-gcc, r-devel-linux-x86_64-fedora-clang, r-devel-linux-x86_64-fedora-gcc, r-devel-windows-x86_64-new-UL, r-devel-windows-x86_64-new-TK, r-patched-linux-x86_64, r-release-linux-x86_64, r-release-macos-arm64, r-release-macos-x86_64, r-release-windows-ix86+x86_64