CRAN Package Check Results for Package reactablefmtr

Last updated on 2021-08-01 19:51:42 CEST.

Flavor Version Tinstall Tcheck Ttotal Status Flags
r-devel-linux-x86_64-debian-clang 1.0.0 5.24 65.20 70.44 NOTE
r-devel-linux-x86_64-debian-gcc 1.0.0 3.71 49.59 53.30 NOTE
r-devel-linux-x86_64-fedora-clang 1.0.0 90.98 NOTE
r-devel-linux-x86_64-fedora-gcc 1.0.0 81.57 NOTE
r-devel-windows-x86_64 1.0.0 6.00 96.00 102.00 NOTE
r-devel-windows-x86_64-gcc10-UCRT 1.0.0 NOTE
r-patched-linux-x86_64 1.0.0 NOTE
r-patched-solaris-x86 1.0.0 106.20 NOTE
r-release-linux-x86_64 1.0.0 4.61 61.81 66.42 NOTE
r-release-macos-arm64 1.0.0 NOTE
r-release-macos-x86_64 1.0.0 NOTE
r-release-windows-ix86+x86_64 1.0.0 10.00 92.00 102.00 NOTE
r-oldrel-macos-x86_64 1.0.0 NOTE
r-oldrel-windows-ix86+x86_64 1.0.0 8.00 93.00 101.00 NOTE

Check Details

Version: 1.0.0
Check: package dependencies
Result: NOTE
    Package suggested but not available for checking: 'webshot2'
Flavors: r-devel-linux-x86_64-debian-clang, r-devel-linux-x86_64-debian-gcc, r-devel-linux-x86_64-fedora-clang, r-devel-linux-x86_64-fedora-gcc, r-devel-windows-x86_64, r-devel-windows-x86_64-gcc10-UCRT, r-patched-linux-x86_64, r-patched-solaris-x86, r-release-linux-x86_64, r-release-macos-arm64, r-release-macos-x86_64, r-release-windows-ix86+x86_64, r-oldrel-macos-x86_64, r-oldrel-windows-ix86+x86_64