Last updated on 2022-06-30 17:49:54 CEST.
Flavor | Version | Tinstall | Tcheck | Ttotal | Status | Flags |
---|---|---|---|---|---|---|
r-devel-linux-x86_64-debian-clang | 0.1.0 | 28.38 | 250.10 | 278.48 | NOTE | |
r-devel-linux-x86_64-debian-gcc | 0.1.0 | 24.23 | 185.33 | 209.56 | NOTE | |
r-devel-linux-x86_64-fedora-clang | 0.1.0 | 332.60 | NOTE | |||
r-devel-linux-x86_64-fedora-gcc | 0.1.0 | 342.22 | NOTE | |||
r-devel-windows-x86_64 | 0.1.0 | 49.00 | 251.00 | 300.00 | NOTE | |
r-patched-linux-x86_64 | 0.1.0 | 28.88 | 243.70 | 272.58 | NOTE | |
r-release-linux-x86_64 | 0.1.0 | 23.16 | 246.45 | 269.61 | NOTE | |
r-release-macos-arm64 | 0.1.0 | 68.00 | NOTE | |||
r-release-macos-x86_64 | 0.1.0 | 100.00 | NOTE | |||
r-release-windows-x86_64 | 0.1.0 | 53.00 | 247.00 | 300.00 | NOTE | |
r-oldrel-macos-arm64 | 0.1.0 | 36.00 | NOTE | |||
r-oldrel-macos-x86_64 | 0.1.0 | 69.00 | NOTE | |||
r-oldrel-windows-ix86+x86_64 | 0.1.0 | 60.00 | 249.00 | 309.00 | NOTE |
Version: 0.1.0
Check: LazyData
Result: NOTE
'LazyData' is specified without a 'data' directory
Flavors: r-devel-linux-x86_64-debian-clang, r-devel-linux-x86_64-debian-gcc, r-devel-linux-x86_64-fedora-clang, r-devel-linux-x86_64-fedora-gcc, r-devel-windows-x86_64, r-patched-linux-x86_64, r-release-linux-x86_64, r-release-macos-arm64, r-release-macos-x86_64, r-release-windows-x86_64, r-oldrel-macos-arm64, r-oldrel-macos-x86_64, r-oldrel-windows-ix86+x86_64