CRAN Package Check Results for Package rdwd

Last updated on 2022-08-11 09:53:26 CEST.

Flavor Version Tinstall Tcheck Ttotal Status Flags
r-devel-linux-x86_64-debian-clang 1.6.0 15.47 113.54 129.01 OK
r-devel-linux-x86_64-debian-gcc 1.6.0 12.85 89.11 101.96 OK
r-devel-linux-x86_64-fedora-clang 1.6.0 172.25 NOTE
r-devel-linux-x86_64-fedora-gcc 1.6.0 168.32 OK
r-devel-windows-x86_64 1.6.0 35.00 149.00 184.00 NOTE
r-patched-linux-x86_64 1.6.0 14.96 108.56 123.52 OK
r-release-linux-x86_64 1.6.0 OK
r-release-macos-arm64 1.6.0 56.00 NOTE
r-release-macos-x86_64 1.6.0 77.00 NOTE
r-release-windows-x86_64 1.6.0 32.00 150.00 182.00 NOTE
r-oldrel-macos-arm64 1.6.0 55.00 NOTE
r-oldrel-macos-x86_64 1.6.0 79.00 NOTE
r-oldrel-windows-ix86+x86_64 1.6.0 30.00 140.00 170.00 NOTE

Check Details

Version: 1.6.0
Check: installed package size
Result: NOTE
     installed size is 5.5Mb
     sub-directories of 1Mb or more:
     R 3.5Mb
     data 1.4Mb
Flavors: r-devel-linux-x86_64-fedora-clang, r-devel-windows-x86_64, r-release-macos-arm64, r-release-macos-x86_64, r-release-windows-x86_64, r-oldrel-macos-arm64, r-oldrel-macos-x86_64, r-oldrel-windows-ix86+x86_64