CRAN Package Check Results for Package rdist

Last updated on 2022-01-27 12:54:00 CET.

Flavor Version Tinstall Tcheck Ttotal Status Flags
r-devel-linux-x86_64-debian-clang 0.0.5 142.95 41.02 183.97 NOTE
r-devel-linux-x86_64-debian-gcc 0.0.5 106.45 31.24 137.69 NOTE
r-devel-linux-x86_64-fedora-clang 0.0.5 285.25 NOTE
r-devel-linux-x86_64-fedora-gcc 0.0.5 237.47 NOTE
r-devel-windows-x86_64-new-UL 0.0.5 125.00 80.00 205.00 NOTE
r-devel-windows-x86_64-new-TK 0.0.5 NOTE
r-patched-linux-x86_64 0.0.5 123.25 38.27 161.52 NOTE
r-release-linux-x86_64 0.0.5 121.80 37.62 159.42 NOTE
r-release-macos-arm64 0.0.5 NOTE
r-release-macos-x86_64 0.0.5 NOTE
r-release-windows-ix86+x86_64 0.0.5 350.00 79.00 429.00 NOTE
r-oldrel-macos-x86_64 0.0.5 OK
r-oldrel-windows-ix86+x86_64 0.0.5 351.00 80.00 431.00 OK

Check Details

Version: 0.0.5
Check: LazyData
Result: NOTE
     'LazyData' is specified without a 'data' directory
Flavors: r-devel-linux-x86_64-debian-clang, r-devel-linux-x86_64-debian-gcc, r-devel-linux-x86_64-fedora-clang, r-devel-linux-x86_64-fedora-gcc, r-devel-windows-x86_64-new-UL, r-devel-windows-x86_64-new-TK, r-patched-linux-x86_64, r-release-linux-x86_64, r-release-macos-arm64, r-release-macos-x86_64, r-release-windows-ix86+x86_64