CRAN Package Check Results for Package rcmdcheck

Last updated on 2021-07-30 07:50:25 CEST.

Flavor Version Tinstall Tcheck Ttotal Status Flags
r-devel-linux-x86_64-debian-clang 1.3.3 NOTE
r-devel-linux-x86_64-debian-gcc 1.3.3 4.08 27.16 31.24 NOTE
r-devel-linux-x86_64-fedora-clang 1.3.3 58.85 NOTE
r-devel-linux-x86_64-fedora-gcc 1.3.3 46.13 NOTE
r-devel-windows-x86_64 1.3.3 6.00 62.00 68.00 NOTE
r-devel-windows-x86_64-gcc10-UCRT 1.3.3 NOTE
r-patched-linux-x86_64 1.3.3 NOTE
r-patched-solaris-x86 1.3.3 71.00 NOTE
r-release-linux-x86_64 1.3.3 4.44 33.05 37.49 NOTE
r-release-macos-arm64 1.3.3 NOTE
r-release-macos-x86_64 1.3.3 NOTE
r-release-windows-ix86+x86_64 1.3.3 10.00 53.00 63.00 NOTE
r-oldrel-macos-x86_64 1.3.3 OK
r-oldrel-windows-ix86+x86_64 1.3.3 9.00 50.00 59.00 OK

Check Details

Version: 1.3.3
Check: LazyData
Result: NOTE
     'LazyData' is specified without a 'data' directory
Flavors: r-devel-linux-x86_64-debian-clang, r-devel-linux-x86_64-debian-gcc, r-devel-linux-x86_64-fedora-clang, r-devel-linux-x86_64-fedora-gcc, r-devel-windows-x86_64, r-devel-windows-x86_64-gcc10-UCRT, r-patched-linux-x86_64, r-patched-solaris-x86, r-release-linux-x86_64, r-release-macos-arm64, r-release-macos-x86_64, r-release-windows-ix86+x86_64

Version: 1.3.3
Check: Rd cross-references
Result: NOTE
    Undeclared package ‘processx’ in Rd xrefs
Flavor: r-devel-linux-x86_64-fedora-clang