CRAN Package Check Results for Package rcage

Last updated on 2023-01-28 04:57:05 CET.

Flavor Version Tinstall Tcheck Ttotal Status Flags
r-devel-linux-x86_64-debian-clang 1.2 52.60 417.63 470.23 WARN
r-devel-linux-x86_64-debian-gcc 1.2 34.21 296.34 330.55 WARN
r-devel-linux-x86_64-fedora-clang 1.2 563.29 WARN
r-devel-linux-x86_64-fedora-gcc 1.2 598.92 WARN
r-patched-linux-x86_64 1.2 33.79 396.04 429.83 WARN
r-release-linux-x86_64 1.2 34.85 390.02 424.87 WARN
r-release-macos-arm64 1.2 124.00 OK
r-release-macos-x86_64 1.2 168.00 OK
r-release-windows-x86_64 1.2 72.00 387.00 459.00 WARN
r-oldrel-macos-arm64 1.2 114.00 OK
r-oldrel-macos-x86_64 1.2 160.00 OK
r-oldrel-windows-ix86+x86_64 1.2 98.00 388.00 486.00 WARN

Check Details

Version: 1.2
Check: examples
Result: WARN
    Found the following significant warnings:
    
     Warning: 'aggregate.data.frame.SP' is deprecated.
     Warning: 'aggregate.data.frame.SP' is deprecated.
     Warning: 'aggregate.data.frame.SP' is deprecated.
     Warning: 'aggregate.data.frame.SP' is deprecated.
    Deprecated functions may be defunct as soon as of the next release of
    R.
    See ?Deprecated.
    Examples with CPU (user + system) or elapsed time > 5s
     user system elapsed
    OCbasis 6.559 0.197 7.949
    plot.rcage 6.396 0.071 7.155
    optRegion 5.039 0.294 6.054
    region 4.872 0.084 5.720
Flavor: r-devel-linux-x86_64-debian-clang

Version: 1.2
Check: examples
Result: WARN
    Found the following significant warnings:
    
     Warning: 'aggregate.data.frame.SP' is deprecated.
     Warning: 'aggregate.data.frame.SP' is deprecated.
     Warning: 'aggregate.data.frame.SP' is deprecated.
     Warning: 'aggregate.data.frame.SP' is deprecated.
    Deprecated functions may be defunct as soon as of the next release of
    R.
    See ?Deprecated.
    Examples with CPU (user + system) or elapsed time > 5s
     user system elapsed
    plot.rcage 4.540 0.065 8.392
    OCbasis 4.129 0.142 6.475
    optRegion 3.619 0.176 5.006
    region 3.491 0.015 6.081
Flavor: r-devel-linux-x86_64-debian-gcc

Version: 1.2
Check: examples
Result: WARN
    Found the following significant warnings:
    
     Warning: 'aggregate.data.frame.SP' is deprecated.
     Warning: 'aggregate.data.frame.SP' is deprecated.
     Warning: 'aggregate.data.frame.SP' is deprecated.
     Warning: 'aggregate.data.frame.SP' is deprecated.
    Deprecated functions may be defunct as soon as of the next release of
    R.
    See ?Deprecated.
Flavors: r-devel-linux-x86_64-fedora-clang, r-devel-linux-x86_64-fedora-gcc, r-release-windows-x86_64, r-oldrel-windows-ix86+x86_64

Version: 1.2
Check: examples
Result: WARN
    Found the following significant warnings:
    
     Warning: 'aggregate.data.frame.SP' is deprecated.
     Warning: 'aggregate.data.frame.SP' is deprecated.
     Warning: 'aggregate.data.frame.SP' is deprecated.
     Warning: 'aggregate.data.frame.SP' is deprecated.
    Deprecated functions may be defunct as soon as of the next release of
    R.
    See ?Deprecated.
    Examples with CPU (user + system) or elapsed time > 5s
     user system elapsed
    plot.rcage 5.872 0.065 7.313
    OCbasis 5.317 0.128 6.640
    optRegion 4.855 0.139 6.287
    region 4.701 0.166 5.729
Flavor: r-patched-linux-x86_64

Version: 1.2
Check: examples
Result: WARN
    Found the following significant warnings:
    
     Warning: 'aggregate.data.frame.SP' is deprecated.
     Warning: 'aggregate.data.frame.SP' is deprecated.
     Warning: 'aggregate.data.frame.SP' is deprecated.
     Warning: 'aggregate.data.frame.SP' is deprecated.
    Deprecated functions may be defunct as soon as of the next release of
    R.
    See ?Deprecated.
    Examples with CPU (user + system) or elapsed time > 5s
     user system elapsed
    plot.rcage 5.892 0.088 6.708
    OCbasis 5.298 0.076 5.886
    optRegion 4.767 0.122 5.299
    region 4.518 0.099 5.171
Flavor: r-release-linux-x86_64