CRAN Package Check Results for Package rbi

Last updated on 2021-09-19 16:49:19 CEST.

Flavor Version Tinstall Tcheck Ttotal Status Flags
r-devel-linux-x86_64-debian-clang 0.10.3 6.49 48.79 55.28 OK --no-examples --no-tests --no-vignettes
r-devel-linux-x86_64-debian-gcc 0.10.3 5.77 36.54 42.31 OK --no-examples --no-tests --no-vignettes
r-devel-linux-x86_64-fedora-clang 0.10.3 90.29 NOTE
r-devel-linux-x86_64-fedora-gcc 0.10.3 77.07 NOTE
r-devel-windows-x86_64 0.10.3 9.00 88.00 97.00 OK
r-devel-windows-x86_64-gcc10-UCRT 0.10.3 ERROR --no-tests
r-patched-linux-x86_64 0.10.3 6.17 46.22 52.39 OK --no-examples --no-tests --no-vignettes
r-patched-solaris-x86 0.10.3 179.90 NOTE
r-release-linux-x86_64 0.10.3 6.03 45.75 51.78 OK --no-examples --no-tests --no-vignettes
r-release-macos-arm64 0.10.3 OK
r-release-macos-x86_64 0.10.3 OK
r-release-windows-ix86+x86_64 0.10.3 13.00 67.00 80.00 WARN
r-oldrel-macos-x86_64 0.10.3 OK
r-oldrel-windows-ix86+x86_64 0.10.3 13.00 71.00 84.00 WARN

Check Details

Version: 0.10.3
Check: for non-standard things in the check directory
Result: NOTE
    Found the following files/directories:
     ‘PZ.bi’ ‘mu_sigma.nc’
Flavors: r-devel-linux-x86_64-fedora-clang, r-devel-linux-x86_64-fedora-gcc, r-patched-solaris-x86

Version: 0.10.3
Flags: --no-tests
Check: whether package can be installed
Result: WARN
    Found the following significant warnings:
     WARNING: installation-time patches will not be applied, could not get the patches index
Flavor: r-devel-windows-x86_64-gcc10-UCRT

Version: 0.10.3
Flags: --no-tests
Check: PDF version of manual
Result: WARN
    LaTeX errors when creating PDF version.
    This typically indicates Rd problems.
Flavor: r-devel-windows-x86_64-gcc10-UCRT

Version: 0.10.3
Flags: --no-tests
Check: PDF version of manual without hyperrefs or index
Result: ERROR
    Re-running with no redirection of stdout/stderr.
Flavor: r-devel-windows-x86_64-gcc10-UCRT

Version: 0.10.3
Check: re-building of vignette outputs
Result: WARN
    Error(s) in re-building vignettes:
    --- re-building 'introduction.Rmd.rsp' using rsp
    Warning in parseRepos(sets = repos, where = where, fallback = fallback, :
     Had to fall back to a set of predefined repositories (please make sure to set your package repositories properly, cf. ?setRepositories): CRAN: '@CRAN@' -> 'https://cran.r-project.org'
    
    
    processing file: d:/RCompile/CRANpkg/local/4.1/rbi.Rcheck/vign_test/rbi/vignettes/introduction.Rmd
     ordinary text without R code
    
    label: unnamed-chunk-1 (with options)
    List of 2
     $ eval : logi FALSE
     $ engine: chr "sh"
    
     ordinary text without R code
    
    label: unnamed-chunk-2 (with options)
    List of 1
     $ eval: logi FALSE
    
     ordinary text without R code
    
    label: unnamed-chunk-3 (with options)
    List of 1
     $ eval: logi FALSE
    
     ordinary text without R code
    
    label: unnamed-chunk-4 (with options)
    List of 1
     $ eval: logi FALSE
    
     ordinary text without R code
    
    label: unnamed-chunk-5 (with options)
    List of 1
     $ echo: logi FALSE
    
     ordinary text without R code
    
    label: unnamed-chunk-6
     ordinary text without R code
    
    label: unnamed-chunk-7
     ordinary text without R code
    
    label: unnamed-chunk-8
     ordinary text without R code
    
    label: unnamed-chunk-9
     ordinary text without R code
    
    label: unnamed-chunk-10
     ordinary text without R code
    
    label: unnamed-chunk-11
     ordinary text without R code
    
    label: unnamed-chunk-12
     ordinary text without R code
    
    label: unnamed-chunk-13
     ordinary text without R code
    
    label: unnamed-chunk-14
     ordinary text without R code
    
    label: unnamed-chunk-15
     ordinary text without R code
    
    label: unnamed-chunk-16
     ordinary text without R code
    
    label: unnamed-chunk-17
     ordinary text without R code
    
    label: unnamed-chunk-18
     ordinary text without R code
    
    label: unnamed-chunk-19
     ordinary text without R code
    
    label: unnamed-chunk-20 (with options)
    List of 1
     $ eval: logi FALSE
    
    label: unnamed-chunk-21 (with options)
    List of 1
     $ echo: logi FALSE
    
     ordinary text without R code
    
    label: unnamed-chunk-22 (with options)
    List of 1
     $ eval: logi FALSE
    
     ordinary text without R code
    
    label: unnamed-chunk-23
     ordinary text without R code
    
    label: unnamed-chunk-24
     ordinary text without R code
    
    label: unnamed-chunk-25
     ordinary text without R code
    
    label: unnamed-chunk-26
     ordinary text without R code
    
    label: unnamed-chunk-27
     ordinary text without R code
    
    label: unnamed-chunk-28
     ordinary text without R code
    
    label: unnamed-chunk-29
     ordinary text without R code
    
    label: unnamed-chunk-30 (with options)
    List of 1
     $ eval: logi FALSE
    
    label: unnamed-chunk-31 (with options)
    List of 1
     $ echo: logi FALSE
    
     ordinary text without R code
    
    label: unnamed-chunk-32 (with options)
    List of 1
     $ eval: logi FALSE
    
     ordinary text without R code
    
    label: unnamed-chunk-33
     ordinary text without R code
    
    label: unnamed-chunk-34
     ordinary text without R code
    
    label: unnamed-chunk-35 (with options)
    List of 1
     $ eval: logi FALSE
    
     ordinary text without R code
    
    label: unnamed-chunk-36 (with options)
    List of 1
     $ eval: logi FALSE
    
     ordinary text without R code
    
    label: unnamed-chunk-37
     ordinary text without R code
    
    label: unnamed-chunk-38 (with options)
    List of 2
     $ fig.width : num 8
     $ fig.height: num 8
    
     ordinary text without R code
    
    label: unnamed-chunk-39
     ordinary text without R code
    
    label: unnamed-chunk-40 (with options)
    List of 1
     $ echo: logi FALSE
    
     ordinary text without R code
    
    label: unnamed-chunk-41 (with options)
    List of 1
     $ eval: logi FALSE
    
     ordinary text without R code
    
    label: unnamed-chunk-42 (with options)
    List of 1
     $ echo: logi FALSE
    
     ordinary text without R code
    
    label: unnamed-chunk-43 (with options)
    List of 1
     $ eval: logi FALSE
    
     ordinary text without R code
    
    label: unnamed-chunk-44 (with options)
    List of 1
     $ eval: logi FALSE
    
     ordinary text without R code
    
    label: unnamed-chunk-45 (with options)
    List of 1
     $ eval: logi FALSE
    
     ordinary text without R code
    
    label: unnamed-chunk-46 (with options)
    List of 1
     $ echo: logi FALSE
    
     ordinary text without R code
    
    label: unnamed-chunk-47
     ordinary text without R code
    
    label: unnamed-chunk-48
     ordinary text without R code
    
    label: unnamed-chunk-49
     ordinary text without R code
    
    label: unnamed-chunk-50
     ordinary text without R code
    
    label: unnamed-chunk-51 (with options)
    List of 1
     $ eval: logi FALSE
    
     ordinary text without R code
    
    output file: introduction.md
    
    Error: processing vignette 'introduction.Rmd.rsp' failed with diagnostics:
    there is no package called 'markdown'
    --- failed re-building 'introduction.Rmd.rsp'
    
    SUMMARY: processing the following file failed:
     'introduction.Rmd.rsp'
    
    Error: Vignette re-building failed.
    Execution halted
Flavor: r-release-windows-ix86+x86_64

Version: 0.10.3
Check: re-building of vignette outputs
Result: WARN
    Error(s) in re-building vignettes:
    --- re-building 'introduction.Rmd.rsp' using rsp
    Warning in parseRepos(sets = repos, where = where, fallback = fallback, :
     Had to fall back to a set of predefined repositories (please make sure to set your package repositories properly, cf. ?setRepositories): CRAN: '@CRAN@' -> 'https://cran.r-project.org'
    
    
    processing file: d:/RCompile/CRANpkg/local/4.0/rbi.Rcheck/vign_test/rbi/vignettes/introduction.Rmd
     ordinary text without R code
    
    label: unnamed-chunk-1 (with options)
    List of 2
     $ eval : logi FALSE
     $ engine: chr "sh"
    
     ordinary text without R code
    
    label: unnamed-chunk-2 (with options)
    List of 1
     $ eval: logi FALSE
    
     ordinary text without R code
    
    label: unnamed-chunk-3 (with options)
    List of 1
     $ eval: logi FALSE
    
     ordinary text without R code
    
    label: unnamed-chunk-4 (with options)
    List of 1
     $ eval: logi FALSE
    
     ordinary text without R code
    
    label: unnamed-chunk-5 (with options)
    List of 1
     $ echo: logi FALSE
    
     ordinary text without R code
    
    label: unnamed-chunk-6
     ordinary text without R code
    
    label: unnamed-chunk-7
     ordinary text without R code
    
    label: unnamed-chunk-8
     ordinary text without R code
    
    label: unnamed-chunk-9
     ordinary text without R code
    
    label: unnamed-chunk-10
     ordinary text without R code
    
    label: unnamed-chunk-11
     ordinary text without R code
    
    label: unnamed-chunk-12
     ordinary text without R code
    
    label: unnamed-chunk-13
     ordinary text without R code
    
    label: unnamed-chunk-14
     ordinary text without R code
    
    label: unnamed-chunk-15
     ordinary text without R code
    
    label: unnamed-chunk-16
     ordinary text without R code
    
    label: unnamed-chunk-17
     ordinary text without R code
    
    label: unnamed-chunk-18
     ordinary text without R code
    
    label: unnamed-chunk-19
     ordinary text without R code
    
    label: unnamed-chunk-20 (with options)
    List of 1
     $ eval: logi FALSE
    
    label: unnamed-chunk-21 (with options)
    List of 1
     $ echo: logi FALSE
    
     ordinary text without R code
    
    label: unnamed-chunk-22 (with options)
    List of 1
     $ eval: logi FALSE
    
     ordinary text without R code
    
    label: unnamed-chunk-23
     ordinary text without R code
    
    label: unnamed-chunk-24
     ordinary text without R code
    
    label: unnamed-chunk-25
     ordinary text without R code
    
    label: unnamed-chunk-26
     ordinary text without R code
    
    label: unnamed-chunk-27
     ordinary text without R code
    
    label: unnamed-chunk-28
     ordinary text without R code
    
    label: unnamed-chunk-29
     ordinary text without R code
    
    label: unnamed-chunk-30 (with options)
    List of 1
     $ eval: logi FALSE
    
    label: unnamed-chunk-31 (with options)
    List of 1
     $ echo: logi FALSE
    
     ordinary text without R code
    
    label: unnamed-chunk-32 (with options)
    List of 1
     $ eval: logi FALSE
    
     ordinary text without R code
    
    label: unnamed-chunk-33
     ordinary text without R code
    
    label: unnamed-chunk-34
     ordinary text without R code
    
    label: unnamed-chunk-35 (with options)
    List of 1
     $ eval: logi FALSE
    
     ordinary text without R code
    
    label: unnamed-chunk-36 (with options)
    List of 1
     $ eval: logi FALSE
    
     ordinary text without R code
    
    label: unnamed-chunk-37
     ordinary text without R code
    
    label: unnamed-chunk-38 (with options)
    List of 2
     $ fig.width : num 8
     $ fig.height: num 8
    
     ordinary text without R code
    
    label: unnamed-chunk-39
     ordinary text without R code
    
    label: unnamed-chunk-40 (with options)
    List of 1
     $ echo: logi FALSE
    
     ordinary text without R code
    
    label: unnamed-chunk-41 (with options)
    List of 1
     $ eval: logi FALSE
    
     ordinary text without R code
    
    label: unnamed-chunk-42 (with options)
    List of 1
     $ echo: logi FALSE
    
     ordinary text without R code
    
    label: unnamed-chunk-43 (with options)
    List of 1
     $ eval: logi FALSE
    
     ordinary text without R code
    
    label: unnamed-chunk-44 (with options)
    List of 1
     $ eval: logi FALSE
    
     ordinary text without R code
    
    label: unnamed-chunk-45 (with options)
    List of 1
     $ eval: logi FALSE
    
     ordinary text without R code
    
    label: unnamed-chunk-46 (with options)
    List of 1
     $ echo: logi FALSE
    
     ordinary text without R code
    
    label: unnamed-chunk-47
     ordinary text without R code
    
    label: unnamed-chunk-48
     ordinary text without R code
    
    label: unnamed-chunk-49
     ordinary text without R code
    
    label: unnamed-chunk-50
     ordinary text without R code
    
    label: unnamed-chunk-51 (with options)
    List of 1
     $ eval: logi FALSE
    
     ordinary text without R code
    
    output file: introduction.md
    
    Error: processing vignette 'introduction.Rmd.rsp' failed with diagnostics:
    there is no package called 'markdown'
    --- failed re-building 'introduction.Rmd.rsp'
    
    SUMMARY: processing the following file failed:
     'introduction.Rmd.rsp'
    
    Error: Vignette re-building failed.
    Execution halted
Flavor: r-oldrel-windows-ix86+x86_64