CRAN Package Check Results for Package rayshader

Last updated on 2021-09-25 16:49:37 CEST.

Flavor Version Tinstall Tcheck Ttotal Status Flags
r-devel-linux-x86_64-debian-clang 0.24.10 117.03 114.63 231.66 OK
r-devel-linux-x86_64-debian-gcc 0.24.10 80.67 89.33 170.00 OK
r-devel-linux-x86_64-fedora-clang 0.24.10 328.59 NOTE
r-devel-linux-x86_64-fedora-gcc 0.24.10 291.02 OK
r-devel-windows-x86_64 0.24.10 104.00 131.00 235.00 OK
r-devel-windows-x86_64-gcc10-UCRT 0.24.10 OK
r-patched-linux-x86_64 0.24.10 93.03 97.79 190.82 OK
r-patched-solaris-x86 0.24.10 286.10 NOTE
r-release-linux-x86_64 0.24.10 99.18 97.78 196.96 OK
r-release-macos-arm64 0.24.10 NOTE
r-release-macos-x86_64 0.24.10 NOTE
r-release-windows-ix86+x86_64 0.24.10 261.00 142.00 403.00 NOTE
r-oldrel-macos-x86_64 0.24.10 NOTE
r-oldrel-windows-ix86+x86_64 0.24.10 205.00 143.00 348.00 NOTE

Check Details

Version: 0.24.10
Check: installed package size
Result: NOTE
     installed size is 6.8Mb
     sub-directories of 1Mb or more:
     data 3.0Mb
     libs 3.3Mb
Flavors: r-devel-linux-x86_64-fedora-clang, r-release-macos-arm64, r-release-macos-x86_64, r-release-windows-ix86+x86_64, r-oldrel-macos-x86_64, r-oldrel-windows-ix86+x86_64

Version: 0.24.10
Check: package dependencies
Result: NOTE
    Package suggested but not available for checking: ‘av’
Flavor: r-patched-solaris-x86