Last updated on 2022-05-20 02:53:05 CEST.
Flavor | Version | Tinstall | Tcheck | Ttotal | Status | Flags |
---|---|---|---|---|---|---|
r-devel-linux-x86_64-debian-clang | 3.5-15 | 236.45 | 493.59 | 730.04 | WARN | |
r-devel-linux-x86_64-debian-gcc | 3.5-15 | 197.35 | 357.12 | 554.47 | OK | |
r-devel-linux-x86_64-fedora-clang | 3.5-15 | 947.45 | WARN | |||
r-devel-linux-x86_64-fedora-gcc | 3.5-15 | 878.60 | OK | |||
r-devel-windows-x86_64 | 3.5-15 | 332.00 | 520.00 | 852.00 | NOTE | |
r-patched-linux-x86_64 | 3.5-15 | 213.19 | 461.54 | 674.73 | OK | |
r-release-linux-x86_64 | 3.5-15 | 204.04 | 465.27 | 669.31 | OK | |
r-release-macos-arm64 | 3.5-15 | 6.00 | ERROR | |||
r-release-macos-x86_64 | 3.5-15 | 259.00 | NOTE | |||
r-release-windows-x86_64 | 3.5-15 | 355.00 | 526.00 | 881.00 | NOTE | |
r-oldrel-macos-arm64 | 3.5-15 | 160.00 | NOTE | |||
r-oldrel-macos-x86_64 | 3.5-15 | 261.00 | NOTE | |||
r-oldrel-windows-ix86+x86_64 | 3.5-15 | 543.00 | 687.00 | 1230.00 | NOTE |
Version: 3.5-15
Check: whether package can be installed
Result: WARN
Found the following significant warnings:
clamp.cpp:23:9: warning: use of bitwise '|' with boolean operands [-Wbitwise-instead-of-logical]
reclass.cpp:54:11: warning: use of bitwise '&' with boolean operands [-Wbitwise-instead-of-logical]
reclass.cpp:86:12: warning: use of bitwise '&' with boolean operands [-Wbitwise-instead-of-logical]
reclass.cpp:102:12: warning: use of bitwise '&' with boolean operands [-Wbitwise-instead-of-logical]
reclass.cpp:132:12: warning: use of bitwise '&' with boolean operands [-Wbitwise-instead-of-logical]
reclass.cpp:148:12: warning: use of bitwise '&' with boolean operands [-Wbitwise-instead-of-logical]
Flavors: r-devel-linux-x86_64-debian-clang, r-devel-linux-x86_64-fedora-clang
Version: 3.5-15
Check: installed package size
Result: NOTE
installed size is 9.2Mb
sub-directories of 1Mb or more:
R 3.1Mb
libs 5.1Mb
Flavors: r-devel-linux-x86_64-fedora-clang, r-devel-windows-x86_64, r-release-macos-x86_64, r-release-windows-x86_64, r-oldrel-macos-arm64, r-oldrel-macos-x86_64, r-oldrel-windows-ix86+x86_64
Version: 3.5-15
Check: package dependencies
Result: ERROR
Package required and available but unsuitable version: ‘terra’
See section ‘The DESCRIPTION file’ in the ‘Writing R Extensions’
manual.
Flavor: r-release-macos-arm64