CRAN Package Check Results for Package rare

Last updated on 2022-01-29 00:48:51 CET.

Flavor Version Tinstall Tcheck Ttotal Status Flags
r-devel-linux-x86_64-debian-clang 0.1.1 46.03 94.93 140.96 OK
r-devel-linux-x86_64-debian-gcc 0.1.1 36.82 71.08 107.90 OK
r-devel-linux-x86_64-fedora-clang 0.1.1 174.43 OK
r-devel-linux-x86_64-fedora-gcc 0.1.1 164.93 OK
r-devel-windows-x86_64-new-UL 0.1.1 59.00 132.00 191.00 OK
r-devel-windows-x86_64-new-TK 0.1.1 OK
r-patched-linux-x86_64 0.1.1 42.09 84.74 126.83 OK
r-release-linux-x86_64 0.1.1 42.73 84.41 127.14 OK
r-release-macos-arm64 0.1.1 NOTE
r-release-macos-x86_64 0.1.1 OK
r-release-windows-ix86+x86_64 0.1.1 105.00 136.00 241.00 OK
r-oldrel-macos-x86_64 0.1.1 OK
r-oldrel-windows-ix86+x86_64 0.1.1 104.00 139.00 243.00 OK

Check Details

Version: 0.1.1
Check: installed package size
Result: NOTE
     installed size is 5.5Mb
     sub-directories of 1Mb or more:
     doc 1.2Mb
     libs 4.2Mb
Flavor: r-release-macos-arm64