CRAN Package Check Results for Package rapiclient

Last updated on 2022-07-04 05:50:14 CEST.

Flavor Version Tinstall Tcheck Ttotal Status Flags
r-devel-linux-x86_64-debian-clang 0.1.3 3.11 26.44 29.55 NOTE
r-devel-linux-x86_64-debian-gcc 0.1.3 2.15 20.22 22.37 NOTE
r-devel-linux-x86_64-fedora-clang 0.1.3 46.13 NOTE
r-devel-linux-x86_64-fedora-gcc 0.1.3 44.86 NOTE
r-devel-windows-x86_64 0.1.3 26.00 52.00 78.00 NOTE
r-patched-linux-x86_64 0.1.3 3.08 25.50 28.58 NOTE
r-release-linux-x86_64 0.1.3 2.35 25.52 27.87 NOTE
r-release-macos-arm64 0.1.3 19.00 NOTE
r-release-macos-x86_64 0.1.3 23.00 NOTE
r-release-windows-x86_64 0.1.3 17.00 57.00 74.00 NOTE
r-oldrel-macos-arm64 0.1.3 23.00 NOTE
r-oldrel-macos-x86_64 0.1.3 28.00 NOTE
r-oldrel-windows-ix86+x86_64 0.1.3 6.00 45.00 51.00 NOTE

Check Details

Version: 0.1.3
Check: LazyData
Result: NOTE
     'LazyData' is specified without a 'data' directory
Flavors: r-devel-linux-x86_64-debian-clang, r-devel-linux-x86_64-debian-gcc, r-devel-linux-x86_64-fedora-clang, r-devel-linux-x86_64-fedora-gcc, r-devel-windows-x86_64, r-patched-linux-x86_64, r-release-linux-x86_64, r-release-macos-arm64, r-release-macos-x86_64, r-release-windows-x86_64, r-oldrel-macos-arm64, r-oldrel-macos-x86_64, r-oldrel-windows-ix86+x86_64