CRAN Package Check Results for Package rangeModelMetadata

Last updated on 2021-09-20 04:58:33 CEST.

Flavor Version Tinstall Tcheck Ttotal Status Flags
r-devel-linux-x86_64-debian-clang 0.1.4 3.42 48.52 51.94 OK
r-devel-linux-x86_64-debian-gcc 0.1.4 2.88 37.93 40.81 OK
r-devel-linux-x86_64-fedora-clang 0.1.4 71.59 NOTE
r-devel-linux-x86_64-fedora-gcc 0.1.4 60.34 NOTE
r-devel-windows-x86_64 0.1.4 5.00 57.00 62.00 OK
r-devel-windows-x86_64-gcc10-UCRT 0.1.4 ERROR
r-patched-linux-x86_64 0.1.4 4.25 51.07 55.32 OK
r-patched-solaris-x86 0.1.4 74.70 NOTE
r-release-linux-x86_64 0.1.4 3.30 50.52 53.82 OK
r-release-macos-arm64 0.1.4 NOTE
r-release-macos-x86_64 0.1.4 NOTE
r-release-windows-ix86+x86_64 0.1.4 9.00 53.00 62.00 OK
r-oldrel-macos-x86_64 0.1.4 NOTE
r-oldrel-windows-ix86+x86_64 0.1.4 10.00 54.00 64.00 OK

Check Details

Version: 0.1.4
Check: dependencies in R code
Result: NOTE
    Namespaces in Imports field not imported from:
     ‘MASS’ ‘dplyr’ ‘jsonlite’ ‘rgbif’ ‘rgdal’ ‘rgeos’ ‘sp’ ‘spThin’
     ‘spatstat’
     All declared Imports should be used.
Flavors: r-devel-linux-x86_64-fedora-clang, r-devel-linux-x86_64-fedora-gcc, r-devel-windows-x86_64-gcc10-UCRT, r-patched-solaris-x86, r-release-macos-arm64, r-release-macos-x86_64, r-oldrel-macos-x86_64

Version: 0.1.4
Check: whether package can be installed
Result: WARN
    Found the following significant warnings:
     WARNING: installation-time patches will not be applied, could not get the patches index
Flavor: r-devel-windows-x86_64-gcc10-UCRT

Version: 0.1.4
Check: PDF version of manual
Result: WARN
    LaTeX errors when creating PDF version.
    This typically indicates Rd problems.
Flavor: r-devel-windows-x86_64-gcc10-UCRT

Version: 0.1.4
Check: PDF version of manual without hyperrefs or index
Result: ERROR
    Re-running with no redirection of stdout/stderr.
Flavor: r-devel-windows-x86_64-gcc10-UCRT