CRAN Package Check Results for Package randquotes

Last updated on 2022-07-07 05:56:10 CEST.

Flavor Version Tinstall Tcheck Ttotal Status Flags
r-devel-linux-x86_64-debian-clang 0.1.1 2.25 25.13 27.38 OK
r-devel-linux-x86_64-debian-gcc 0.1.1 1.66 19.93 21.59 NOTE
r-devel-linux-x86_64-fedora-clang 0.1.1 45.59 NOTE
r-devel-linux-x86_64-fedora-gcc 0.1.1 44.19 NOTE
r-devel-windows-x86_64 0.1.1 14.00 49.00 63.00 NOTE
r-patched-linux-x86_64 0.1.1 2.12 24.71 26.83 OK
r-release-linux-x86_64 0.1.1 2.16 24.69 26.85 OK
r-release-macos-arm64 0.1.1 17.00 NOTE
r-release-macos-x86_64 0.1.1 24.00 NOTE
r-release-windows-x86_64 0.1.1 12.00 50.00 62.00 OK
r-oldrel-macos-arm64 0.1.1 24.00 NOTE
r-oldrel-macos-x86_64 0.1.1 29.00 NOTE
r-oldrel-windows-ix86+x86_64 0.1.1 6.00 46.00 52.00 OK

Check Details

Version: 0.1.1
Check: package subdirectories
Result: NOTE
    Problems with news in ‘NEWS.md’:
    No news entries found.
Flavors: r-devel-linux-x86_64-debian-gcc, r-devel-linux-x86_64-fedora-clang, r-devel-linux-x86_64-fedora-gcc, r-devel-windows-x86_64

Version: 0.1.1
Check: dependencies in R code
Result: NOTE
    Namespaces in Imports field not imported from:
     ‘curl’ ‘jsonlite’
     All declared Imports should be used.
Flavors: r-devel-linux-x86_64-fedora-clang, r-devel-linux-x86_64-fedora-gcc, r-release-macos-arm64, r-release-macos-x86_64, r-oldrel-macos-arm64, r-oldrel-macos-x86_64