CRAN Package Check Results for Package raincin

Last updated on 2021-12-07 23:54:40 CET.

Flavor Version Tinstall Tcheck Ttotal Status Flags
r-devel-linux-x86_64-debian-clang 1.0.3 9.88 85.69 95.57 NOTE
r-devel-linux-x86_64-debian-gcc 1.0.3 7.96 66.41 74.37 NOTE
r-devel-linux-x86_64-fedora-clang 1.0.3 119.10 NOTE
r-devel-linux-x86_64-fedora-gcc 1.0.3 106.60 NOTE
r-devel-windows-x86_64-new-UL 1.0.3 18.00 114.00 132.00 NOTE
r-devel-windows-x86_64-new-TK 1.0.3 NOTE
r-devel-windows-x86_64-old 1.0.3 17.00 71.00 88.00 NOTE
r-patched-linux-x86_64 1.0.3 8.21 83.08 91.29 NOTE
r-release-linux-x86_64 1.0.3 9.14 84.21 93.35 NOTE
r-release-macos-arm64 1.0.3 NOTE
r-release-macos-x86_64 1.0.3 NOTE
r-release-windows-ix86+x86_64 1.0.3 17.00 99.00 116.00 NOTE
r-oldrel-macos-x86_64 1.0.3 OK
r-oldrel-windows-ix86+x86_64 1.0.3 24.00 101.00 125.00 OK

Check Details

Version: 1.0.3
Check: LazyData
Result: NOTE
     'LazyData' is specified without a 'data' directory
Flavors: r-devel-linux-x86_64-debian-clang, r-devel-linux-x86_64-debian-gcc, r-devel-linux-x86_64-fedora-clang, r-devel-linux-x86_64-fedora-gcc, r-devel-windows-x86_64-new-UL, r-devel-windows-x86_64-new-TK, r-devel-windows-x86_64-old, r-patched-linux-x86_64, r-release-linux-x86_64, r-release-macos-arm64, r-release-macos-x86_64, r-release-windows-ix86+x86_64