CRAN Package Check Results for Package ragt2ridges

Last updated on 2022-01-20 00:50:03 CET.

Flavor Version Tinstall Tcheck Ttotal Status Flags
r-devel-linux-x86_64-debian-clang 0.3.4 OK
r-devel-linux-x86_64-debian-gcc 0.3.4 68.44 151.95 220.39 OK
r-devel-linux-x86_64-fedora-clang 0.3.4 369.98 NOTE
r-devel-linux-x86_64-fedora-gcc 0.3.4 343.82 NOTE
r-devel-windows-x86_64-new-UL 0.3.4 159.00 251.00 410.00 OK
r-devel-windows-x86_64-new-TK 0.3.4 NOTE
r-patched-linux-x86_64 0.3.4 75.65 192.77 268.42 OK
r-release-linux-x86_64 0.3.4 OK
r-release-macos-arm64 0.3.4 NOTE
r-release-macos-x86_64 0.3.4 NOTE
r-release-windows-ix86+x86_64 0.3.4 181.00 341.00 522.00 OK
r-oldrel-macos-x86_64 0.3.4 NOTE
r-oldrel-windows-ix86+x86_64 0.3.4 184.00 343.00 527.00 OK

Check Details

Version: 0.3.4
Check: installed package size
Result: NOTE
     installed size is 8.1Mb
     sub-directories of 1Mb or more:
     libs 7.4Mb
Flavors: r-devel-linux-x86_64-fedora-clang, r-release-macos-arm64, r-release-macos-x86_64, r-oldrel-macos-x86_64

Version: 0.3.4
Check: dependencies in R code
Result: NOTE
    Namespaces in Imports field not imported from:
     ‘Biobase’ ‘CGHbase’
     All declared Imports should be used.
Flavors: r-devel-linux-x86_64-fedora-clang, r-devel-linux-x86_64-fedora-gcc, r-devel-windows-x86_64-new-TK, r-release-macos-arm64, r-release-macos-x86_64, r-oldrel-macos-x86_64

Version: 0.3.4
Check: Rd cross-references
Result: NOTE
    Undeclared packages ‘longitudinal’, ‘gRbase’ in Rd xrefs
Flavor: r-devel-linux-x86_64-fedora-clang