CRAN Package Check Results for Package radiant.design

Last updated on 2021-09-21 04:55:29 CEST.

Flavor Version Tinstall Tcheck Ttotal Status Flags
r-devel-linux-x86_64-debian-clang 1.3.5 10.92 99.99 110.91 OK
r-devel-linux-x86_64-debian-gcc 1.3.5 9.19 74.69 83.88 OK
r-devel-linux-x86_64-fedora-clang 1.3.5 138.63 OK
r-devel-linux-x86_64-fedora-gcc 1.3.5 126.67 OK
r-devel-windows-x86_64 1.3.5 15.00 98.00 113.00 OK
r-devel-windows-x86_64-gcc10-UCRT 1.3.5 ERROR
r-patched-linux-x86_64 1.3.5 11.20 94.01 105.21 OK
r-patched-solaris-x86 1.3.5 189.40 OK
r-release-linux-x86_64 1.3.5 11.05 93.20 104.25 OK
r-release-macos-arm64 1.3.5 OK
r-release-macos-x86_64 1.3.5 OK
r-release-windows-ix86+x86_64 1.3.5 33.00 94.00 127.00 OK
r-oldrel-macos-x86_64 1.3.5 OK
r-oldrel-windows-ix86+x86_64 1.3.5 31.00 92.00 123.00 OK

Check Details

Version: 1.3.5
Check: whether package can be installed
Result: WARN
    Found the following significant warnings:
     WARNING: installation-time patches will not be applied, could not get the patches index
Flavor: r-devel-windows-x86_64-gcc10-UCRT

Version: 1.3.5
Check: PDF version of manual
Result: WARN
    LaTeX errors when creating PDF version.
    This typically indicates Rd problems.
Flavor: r-devel-windows-x86_64-gcc10-UCRT

Version: 1.3.5
Check: PDF version of manual without hyperrefs or index
Result: ERROR
    Re-running with no redirection of stdout/stderr.
Flavor: r-devel-windows-x86_64-gcc10-UCRT