CRAN Package Check Results for Package raceland

Last updated on 2022-07-06 17:49:12 CEST.

Flavor Version Tinstall Tcheck Ttotal Status Flags
r-devel-linux-x86_64-debian-clang 1.1.2 77.48 419.33 496.81 OK
r-devel-linux-x86_64-debian-gcc 1.1.2 65.54 370.44 435.98 OK
r-devel-linux-x86_64-fedora-clang 1.1.2 625.12 NOTE
r-devel-linux-x86_64-fedora-gcc 1.1.2 611.25 NOTE
r-devel-windows-x86_64 1.1.2 80.00 561.00 641.00 OK
r-patched-linux-x86_64 1.1.2 69.88 416.21 486.09 OK
r-release-linux-x86_64 1.1.2 68.92 414.12 483.04 OK
r-release-macos-arm64 1.1.2 211.00 NOTE
r-release-macos-x86_64 1.1.2 228.00 NOTE
r-release-windows-x86_64 1.1.2 100.00 534.00 634.00 OK
r-oldrel-macos-arm64 1.1.2 165.00 NOTE
r-oldrel-macos-x86_64 1.1.2 220.00 NOTE
r-oldrel-windows-ix86+x86_64 1.1.2 200.00 576.00 776.00 OK

Check Details

Version: 1.1.2
Check: dependencies in R code
Result: NOTE
    Namespaces in Imports field not imported from:
     ‘comat’ ‘rgdal’
     All declared Imports should be used.
Flavors: r-devel-linux-x86_64-fedora-clang, r-devel-linux-x86_64-fedora-gcc, r-release-macos-arm64, r-release-macos-x86_64, r-oldrel-macos-arm64, r-oldrel-macos-x86_64