CRAN Package Check Results for Package rabi

Last updated on 2021-07-26 19:49:33 CEST.

Flavor Version Tinstall Tcheck Ttotal Status Flags
r-devel-linux-x86_64-debian-clang 1.0.2 0.43 2.78 3.21 ERROR
r-devel-linux-x86_64-debian-gcc 1.0.2 0.32 2.15 2.47 ERROR
r-devel-linux-x86_64-fedora-clang 1.0.2 12.79 ERROR
r-devel-linux-x86_64-fedora-gcc 1.0.2 2.87 ERROR
r-devel-windows-x86_64 1.0.2 6.00 64.00 70.00 NOTE
r-devel-windows-x86_64-gcc10-UCRT 1.0.2 NOTE
r-patched-linux-x86_64 1.0.2 4.07 48.52 52.59 NOTE
r-patched-solaris-x86 1.0.2 87.70 NOTE
r-release-linux-x86_64 1.0.2 3.20 45.25 48.45 NOTE
r-release-macos-arm64 1.0.2 NOTE
r-release-macos-x86_64 1.0.2 NOTE
r-release-windows-ix86+x86_64 1.0.2 10.00 48.00 58.00 NOTE
r-oldrel-macos-x86_64 1.0.2 OK
r-oldrel-windows-ix86+x86_64 1.0.2 10.00 64.00 74.00 OK

Check Details

Version: 1.0.2
Check: package dependencies
Result: ERROR
    Package required but not available: 'stringdist'
    
    See section 'The DESCRIPTION file' in the 'Writing R Extensions'
    manual.
Flavors: r-devel-linux-x86_64-debian-clang, r-devel-linux-x86_64-debian-gcc, r-devel-linux-x86_64-fedora-clang, r-devel-linux-x86_64-fedora-gcc

Version: 1.0.2
Check: LazyData
Result: NOTE
     'LazyData' is specified without a 'data' directory
Flavors: r-devel-windows-x86_64, r-devel-windows-x86_64-gcc10-UCRT, r-patched-linux-x86_64, r-patched-solaris-x86, r-release-linux-x86_64, r-release-macos-arm64, r-release-macos-x86_64, r-release-windows-ix86+x86_64