Last updated on 2023-02-04 04:54:04 CET.
Flavor | Version | Tinstall | Tcheck | Ttotal | Status | Flags |
---|---|---|---|---|---|---|
r-devel-linux-x86_64-debian-clang | 0.1.2 | 7.58 | 67.41 | 74.99 | NOTE | |
r-devel-linux-x86_64-debian-gcc | 0.1.2 | 6.04 | 50.99 | 57.03 | NOTE | |
r-devel-linux-x86_64-fedora-clang | 0.1.2 | 90.97 | NOTE | |||
r-devel-linux-x86_64-fedora-gcc | 0.1.2 | 89.81 | NOTE | |||
r-devel-windows-x86_64 | 0.1.2 | 16.00 | 97.00 | 113.00 | NOTE | |
r-patched-linux-x86_64 | 0.1.2 | 7.54 | 61.01 | 68.55 | NOTE | |
r-release-linux-x86_64 | 0.1.2 | 8.36 | 64.15 | 72.51 | NOTE | |
r-release-macos-arm64 | 0.1.2 | 29.00 | NOTE | |||
r-release-macos-x86_64 | 0.1.2 | 41.00 | NOTE | |||
r-release-windows-x86_64 | 0.1.2 | 14.00 | 110.00 | 124.00 | NOTE | |
r-oldrel-macos-arm64 | 0.1.2 | 33.00 | NOTE | |||
r-oldrel-macos-x86_64 | 0.1.2 | 57.00 | NOTE | |||
r-oldrel-windows-ix86+x86_64 | 0.1.2 | 17.00 | 94.00 | 111.00 | NOTE |
Version: 0.1.2
Check: LazyData
Result: NOTE
'LazyData' is specified without a 'data' directory
Flavors: r-devel-linux-x86_64-debian-clang, r-devel-linux-x86_64-debian-gcc, r-devel-linux-x86_64-fedora-clang, r-devel-linux-x86_64-fedora-gcc, r-devel-windows-x86_64, r-patched-linux-x86_64, r-release-linux-x86_64, r-release-macos-arm64, r-release-macos-x86_64, r-release-windows-x86_64, r-oldrel-macos-arm64, r-oldrel-macos-x86_64, r-oldrel-windows-ix86+x86_64