CRAN Package Check Results for Package rSymPy

Last updated on 2021-06-16 21:51:55 CEST.

Flavor Version Tinstall Tcheck Ttotal Status Flags
r-devel-linux-x86_64-debian-clang 0.2-1.2 4.84 34.47 39.31 NOTE
r-devel-linux-x86_64-debian-gcc 0.2-1.2 3.80 26.95 30.75 NOTE
r-devel-linux-x86_64-fedora-clang 0.2-1.2 54.21 NOTE
r-devel-linux-x86_64-fedora-gcc 0.2-1.2 43.85 NOTE
r-devel-windows-x86_64 0.2-1.2 9.00 52.00 61.00 NOTE
r-devel-windows-x86_64-gcc10-UCRT 0.2-1.2 NOTE
r-patched-linux-x86_64 0.2-1.2 4.47 33.46 37.93 NOTE
r-patched-solaris-x86 0.2-1.2 71.50 NOTE
r-release-linux-x86_64 0.2-1.2 3.90 33.13 37.03 NOTE
r-release-macos-arm64 0.2-1.2 NOTE
r-release-macos-x86_64 0.2-1.2 NOTE
r-release-windows-ix86+x86_64 0.2-1.2 9.00 38.00 47.00 NOTE
r-oldrel-macos-x86_64 0.2-1.2 NOTE
r-oldrel-windows-ix86+x86_64 0.2-1.2 9.00 40.00 49.00 NOTE

Check Details

Version: 0.2-1.2
Check: top-level files
Result: NOTE
    File
     LICENSE
    is not mentioned in the DESCRIPTION file.
Flavors: r-devel-linux-x86_64-debian-clang, r-devel-linux-x86_64-debian-gcc, r-devel-linux-x86_64-fedora-clang, r-devel-linux-x86_64-fedora-gcc, r-devel-windows-x86_64, r-devel-windows-x86_64-gcc10-UCRT, r-patched-linux-x86_64, r-patched-solaris-x86, r-release-linux-x86_64, r-release-macos-arm64, r-release-macos-x86_64, r-release-windows-ix86+x86_64, r-oldrel-macos-x86_64, r-oldrel-windows-ix86+x86_64

Version: 0.2-1.2
Check: R code for possible problems
Result: NOTE
    Math.Sym: no visible binding for global variable 'transtab'
    jythonStart: no visible global function definition for '.jinit'
    jythonStart: no visible global function definition for '.jnew'
    jythonStart: no visible binding for global variable '.Jython'
    sympy: no visible binding for global variable '.Jython'
    sympy: no visible global function definition for '.jstrVal'
    sympyStart: no visible binding for global variable '.Jython'
    Undefined global functions or variables:
     .Jython .jinit .jnew .jstrVal transtab
    
    Found the following assignments to the global environment:
    File 'rSymPy/R/sympy.R':
     assign(".Jython", .jnew("org.python.util.PythonInterpreter"),
     .GlobalEnv)
     assign(".Jython", rJython(modules = system.file("Lib", package = "rSymPy")),
     .GlobalEnv)
Flavors: r-devel-linux-x86_64-debian-clang, r-devel-linux-x86_64-debian-gcc, r-devel-linux-x86_64-fedora-clang, r-patched-linux-x86_64, r-release-linux-x86_64

Version: 0.2-1.2
Check: installed package size
Result: NOTE
     installed size is 12.0Mb
     sub-directories of 1Mb or more:
     Lib 11.9Mb
Flavors: r-devel-linux-x86_64-fedora-clang, r-devel-windows-x86_64, r-patched-solaris-x86, r-release-macos-arm64, r-release-macos-x86_64, r-release-windows-ix86+x86_64, r-oldrel-macos-x86_64, r-oldrel-windows-ix86+x86_64

Version: 0.2-1.2
Check: R code for possible problems
Result: NOTE
    Math.Sym: no visible binding for global variable ‘transtab’
    jythonStart: no visible global function definition for ‘.jinit’
    jythonStart: no visible global function definition for ‘.jnew’
    jythonStart: no visible binding for global variable ‘.Jython’
    sympy: no visible binding for global variable ‘.Jython’
    sympy: no visible global function definition for ‘.jstrVal’
    sympyStart: no visible binding for global variable ‘.Jython’
    Undefined global functions or variables:
     .Jython .jinit .jnew .jstrVal transtab
Flavors: r-devel-linux-x86_64-fedora-gcc, r-devel-windows-x86_64, r-devel-windows-x86_64-gcc10-UCRT, r-patched-solaris-x86, r-release-macos-arm64, r-release-macos-x86_64, r-release-windows-ix86+x86_64, r-oldrel-macos-x86_64, r-oldrel-windows-ix86+x86_64