CRAN Package Check Results for Package rSAFE

Last updated on 2021-09-21 04:55:33 CEST.

Flavor Version Tinstall Tcheck Ttotal Status Flags
r-devel-linux-x86_64-debian-clang 0.1.2 8.01 254.92 262.93 OK
r-devel-linux-x86_64-debian-gcc 0.1.2 6.20 188.23 194.43 OK
r-devel-linux-x86_64-fedora-clang 0.1.2 317.06 OK
r-devel-linux-x86_64-fedora-gcc 0.1.2 312.18 OK
r-devel-windows-x86_64 0.1.2 10.00 257.00 267.00 OK
r-devel-windows-x86_64-gcc10-UCRT 0.1.2 ERROR
r-patched-linux-x86_64 0.1.2 7.99 237.92 245.91 OK
r-patched-solaris-x86 0.1.2 349.10 OK
r-release-linux-x86_64 0.1.2 7.43 238.83 246.26 OK
r-release-macos-arm64 0.1.2 OK
r-release-macos-x86_64 0.1.2 OK
r-release-windows-ix86+x86_64 0.1.2 21.00 249.00 270.00 OK
r-oldrel-macos-x86_64 0.1.2 OK
r-oldrel-windows-ix86+x86_64 0.1.2 20.00 259.00 279.00 OK

Check Details

Version: 0.1.2
Check: whether package can be installed
Result: WARN
    Found the following significant warnings:
     WARNING: installation-time patches will not be applied, could not get the patches index
Flavor: r-devel-windows-x86_64-gcc10-UCRT

Version: 0.1.2
Check: PDF version of manual
Result: WARN
    LaTeX errors when creating PDF version.
    This typically indicates Rd problems.
Flavor: r-devel-windows-x86_64-gcc10-UCRT

Version: 0.1.2
Check: PDF version of manual without hyperrefs or index
Result: ERROR
    Re-running with no redirection of stdout/stderr.
Flavor: r-devel-windows-x86_64-gcc10-UCRT