CRAN Package Check Results for Package rPraat

Last updated on 2021-07-29 19:52:38 CEST.

Flavor Version Tinstall Tcheck Ttotal Status Flags
r-devel-linux-x86_64-debian-clang 1.3.2-1 NOTE
r-devel-linux-x86_64-debian-gcc 1.3.2-1 15.05 81.25 96.30 NOTE
r-devel-linux-x86_64-fedora-clang 1.3.2-1 162.38 NOTE
r-devel-linux-x86_64-fedora-gcc 1.3.2-1 144.67 NOTE
r-devel-windows-x86_64 1.3.2-1 26.00 136.00 162.00 NOTE
r-devel-windows-x86_64-gcc10-UCRT 1.3.2-1 NOTE
r-patched-linux-x86_64 1.3.2-1 18.32 106.00 124.32 NOTE
r-patched-solaris-x86 1.3.2-1 171.80 NOTE
r-release-linux-x86_64 1.3.2-1 15.09 105.75 120.84 NOTE
r-release-macos-arm64 1.3.2-1 NOTE
r-release-macos-x86_64 1.3.2-1 NOTE
r-release-windows-ix86+x86_64 1.3.2-1 27.00 143.00 170.00 NOTE
r-oldrel-macos-x86_64 1.3.2-1 OK
r-oldrel-windows-ix86+x86_64 1.3.2-1 18.00 132.00 150.00 OK

Check Details

Version: 1.3.2-1
Check: LazyData
Result: NOTE
     'LazyData' is specified without a 'data' directory
Flavors: r-devel-linux-x86_64-debian-clang, r-devel-linux-x86_64-debian-gcc, r-devel-linux-x86_64-fedora-clang, r-devel-linux-x86_64-fedora-gcc, r-devel-windows-x86_64, r-devel-windows-x86_64-gcc10-UCRT, r-patched-linux-x86_64, r-patched-solaris-x86, r-release-linux-x86_64, r-release-macos-arm64, r-release-macos-x86_64, r-release-windows-ix86+x86_64