CRAN Package Check Results for Package rODE

Last updated on 2022-01-27 12:54:02 CET.

Flavor Version Tinstall Tcheck Ttotal Status Flags
r-devel-linux-x86_64-debian-clang 0.99.6 6.31 113.57 119.88 NOTE
r-devel-linux-x86_64-debian-gcc 0.99.6 4.23 81.97 86.20 NOTE
r-devel-linux-x86_64-fedora-clang 0.99.6 138.98 NOTE
r-devel-linux-x86_64-fedora-gcc 0.99.6 125.77 NOTE
r-devel-windows-x86_64-new-UL 0.99.6 156.00 165.00 321.00 NOTE
r-devel-windows-x86_64-new-TK 0.99.6 NOTE
r-patched-linux-x86_64 0.99.6 3.99 115.45 119.44 NOTE
r-release-linux-x86_64 0.99.6 4.26 115.48 119.74 NOTE
r-release-macos-arm64 0.99.6 NOTE
r-release-macos-x86_64 0.99.6 NOTE
r-release-windows-ix86+x86_64 0.99.6 11.00 153.00 164.00 NOTE
r-oldrel-macos-x86_64 0.99.6 NOTE
r-oldrel-windows-ix86+x86_64 0.99.6 11.00 168.00 179.00 OK

Check Details

Version: 0.99.6
Check: LazyData
Result: NOTE
     'LazyData' is specified without a 'data' directory
Flavors: r-devel-linux-x86_64-debian-clang, r-devel-linux-x86_64-debian-gcc, r-devel-linux-x86_64-fedora-clang, r-devel-linux-x86_64-fedora-gcc, r-devel-windows-x86_64-new-UL, r-devel-windows-x86_64-new-TK, r-patched-linux-x86_64, r-release-linux-x86_64, r-release-macos-arm64, r-release-macos-x86_64, r-release-windows-ix86+x86_64

Version: 0.99.6
Check: dependencies in R code
Result: NOTE
    Namespace in Imports field not imported from: ‘data.table’
     All declared Imports should be used.
Flavors: r-devel-linux-x86_64-fedora-clang, r-devel-linux-x86_64-fedora-gcc, r-devel-windows-x86_64-new-TK, r-release-macos-arm64, r-release-macos-x86_64, r-oldrel-macos-x86_64