CRAN Package Check Results for Package rMVP

Last updated on 2022-01-25 00:50:00 CET.

Flavor Version Tinstall Tcheck Ttotal Status Flags
r-devel-linux-x86_64-debian-clang 1.0.6 111.72 80.83 192.55 OK
r-devel-linux-x86_64-debian-gcc 1.0.6 92.39 60.38 152.77 OK
r-devel-linux-x86_64-fedora-clang 1.0.6 292.75 NOTE
r-devel-linux-x86_64-fedora-gcc 1.0.6 254.20 NOTE
r-devel-windows-x86_64-new-UL 1.0.6 113.00 136.00 249.00 OK
r-devel-windows-x86_64-new-TK 1.0.6 NOTE
r-patched-linux-x86_64 1.0.6 101.51 76.81 178.32 OK
r-release-linux-x86_64 1.0.6 99.64 77.65 177.29 OK
r-release-macos-arm64 1.0.6 NOTE
r-release-macos-x86_64 1.0.6 NOTE
r-release-windows-ix86+x86_64 1.0.6 276.00 136.00 412.00 OK
r-oldrel-macos-x86_64 1.0.6 NOTE
r-oldrel-windows-ix86+x86_64 1.0.6 277.00 144.00 421.00 OK

Check Details

Version: 1.0.6
Check: installed package size
Result: NOTE
     installed size is 18.2Mb
     sub-directories of 1Mb or more:
     libs 16.9Mb
Flavors: r-devel-linux-x86_64-fedora-clang, r-release-macos-arm64, r-release-macos-x86_64, r-oldrel-macos-x86_64

Version: 1.0.6
Check: dependencies in R code
Result: NOTE
    Namespace in Imports field not imported from: ‘Rcpp’
     All declared Imports should be used.
Flavors: r-devel-linux-x86_64-fedora-clang, r-devel-linux-x86_64-fedora-gcc, r-devel-windows-x86_64-new-TK, r-release-macos-arm64, r-release-macos-x86_64, r-oldrel-macos-x86_64