CRAN Package Check Results for Package rIP

Last updated on 2022-07-04 05:50:15 CEST.

Flavor Version Tinstall Tcheck Ttotal Status Flags
r-devel-linux-x86_64-debian-clang 1.2.0 5.03 57.15 62.18 NOTE
r-devel-linux-x86_64-debian-gcc 1.2.0 4.67 42.44 47.11 NOTE
r-devel-linux-x86_64-fedora-clang 1.2.0 87.06 NOTE
r-devel-linux-x86_64-fedora-gcc 1.2.0 83.02 NOTE
r-devel-windows-x86_64 1.2.0 14.00 78.00 92.00 NOTE
r-patched-linux-x86_64 1.2.0 4.75 52.79 57.54 NOTE
r-release-linux-x86_64 1.2.0 6.06 52.95 59.01 NOTE
r-release-macos-arm64 1.2.0 21.00 NOTE
r-release-macos-x86_64 1.2.0 45.00 NOTE
r-release-windows-x86_64 1.2.0 14.00 83.00 97.00 NOTE
r-oldrel-macos-arm64 1.2.0 27.00 NOTE
r-oldrel-macos-x86_64 1.2.0 45.00 NOTE
r-oldrel-windows-ix86+x86_64 1.2.0 16.00 75.00 91.00 NOTE

Check Details

Version: 1.2.0
Check: LazyData
Result: NOTE
     'LazyData' is specified without a 'data' directory
Flavors: r-devel-linux-x86_64-debian-clang, r-devel-linux-x86_64-debian-gcc, r-devel-linux-x86_64-fedora-clang, r-devel-linux-x86_64-fedora-gcc, r-devel-windows-x86_64, r-patched-linux-x86_64, r-release-linux-x86_64, r-release-macos-arm64, r-release-macos-x86_64, r-release-windows-x86_64, r-oldrel-macos-arm64, r-oldrel-macos-x86_64, r-oldrel-windows-ix86+x86_64