CRAN Package Check Results for Package rFSA

Last updated on 2021-10-18 04:54:31 CEST.

Flavor Version Tinstall Tcheck Ttotal Status Flags
r-devel-linux-x86_64-debian-clang 0.9.6 6.90 64.24 71.14 NOTE
r-devel-linux-x86_64-debian-gcc 0.9.6 5.74 47.33 53.07 NOTE
r-devel-linux-x86_64-fedora-clang 0.9.6 92.08 NOTE
r-devel-linux-x86_64-fedora-gcc 0.9.6 80.69 NOTE
r-devel-windows-x86_64 0.9.6 11.00 77.00 88.00 NOTE
r-devel-windows-x86_64-gcc10-UCRT 0.9.6 NOTE
r-patched-linux-x86_64 0.9.6 6.66 59.11 65.77 NOTE
r-patched-solaris-x86 0.9.6 113.90 NOTE
r-release-linux-x86_64 0.9.6 7.05 58.96 66.01 NOTE
r-release-macos-arm64 0.9.6 NOTE
r-release-macos-x86_64 0.9.6 NOTE
r-release-windows-ix86+x86_64 0.9.6 27.00 86.00 113.00 NOTE
r-oldrel-macos-x86_64 0.9.6 OK
r-oldrel-windows-ix86+x86_64 0.9.6 16.00 86.00 102.00 OK

Check Details

Version: 0.9.6
Check: LazyData
Result: NOTE
     'LazyData' is specified without a 'data' directory
Flavors: r-devel-linux-x86_64-debian-clang, r-devel-linux-x86_64-debian-gcc, r-devel-linux-x86_64-fedora-clang, r-devel-linux-x86_64-fedora-gcc, r-devel-windows-x86_64, r-devel-windows-x86_64-gcc10-UCRT, r-patched-linux-x86_64, r-patched-solaris-x86, r-release-linux-x86_64, r-release-macos-arm64, r-release-macos-x86_64, r-release-windows-ix86+x86_64