CRAN Package Check Results for Package rFDSN

Last updated on 2021-12-07 23:54:41 CET.

Flavor Version Tinstall Tcheck Ttotal Status Flags
r-devel-linux-x86_64-debian-clang 0.0.0 3.12 37.73 40.85 NOTE
r-devel-linux-x86_64-debian-gcc 0.0.0 2.52 30.23 32.75 NOTE
r-devel-linux-x86_64-fedora-clang 0.0.0 51.60 NOTE
r-devel-linux-x86_64-fedora-gcc 0.0.0 41.15 NOTE
r-devel-windows-x86_64-new-UL 0.0.0 6.00 73.00 79.00 NOTE
r-devel-windows-x86_64-new-TK 0.0.0 NOTE
r-devel-windows-x86_64-old 0.0.0 5.00 38.00 43.00 NOTE
r-patched-linux-x86_64 0.0.0 2.51 36.60 39.11 NOTE
r-release-linux-x86_64 0.0.0 2.82 36.67 39.49 NOTE
r-release-macos-arm64 0.0.0 NOTE
r-release-macos-x86_64 0.0.0 NOTE
r-release-windows-ix86+x86_64 0.0.0 6.00 38.00 44.00 NOTE
r-oldrel-macos-x86_64 0.0.0 NOTE
r-oldrel-windows-ix86+x86_64 0.0.0 31.00 36.00 67.00 NOTE

Check Details

Version: 0.0.0
Check: R code for possible problems
Result: NOTE
    FDSNGetTimeSeries: no visible global function definition for
     'download.file'
    Undefined global functions or variables:
     download.file
    Consider adding
     importFrom("utils", "download.file")
    to your NAMESPACE file.
Flavors: r-devel-linux-x86_64-debian-clang, r-devel-linux-x86_64-debian-gcc, r-devel-linux-x86_64-fedora-clang, r-devel-linux-x86_64-fedora-gcc, r-devel-windows-x86_64-new-UL, r-devel-windows-x86_64-new-TK, r-devel-windows-x86_64-old, r-patched-linux-x86_64, r-release-linux-x86_64, r-release-macos-arm64, r-release-macos-x86_64, r-release-windows-ix86+x86_64, r-oldrel-macos-x86_64, r-oldrel-windows-ix86+x86_64