CRAN Package Check Results for Package rCBA

Last updated on 2021-10-25 04:54:21 CEST.

Flavor Version Tinstall Tcheck Ttotal Status Flags
r-devel-linux-x86_64-debian-clang 0.4.3 11.34 97.77 109.11 NOTE
r-devel-linux-x86_64-debian-gcc 0.4.3 8.94 74.48 83.42 NOTE
r-devel-linux-x86_64-fedora-clang 0.4.3 141.91 NOTE
r-devel-linux-x86_64-fedora-gcc 0.4.3 132.10 NOTE
r-devel-windows-x86_64 0.4.3 17.00 92.00 109.00 NOTE
r-devel-windows-x86_64-gcc10-UCRT 0.4.3 NOTE
r-patched-linux-x86_64 0.4.3 10.52 95.95 106.47 NOTE
r-release-linux-x86_64 0.4.3 10.47 95.73 106.20 NOTE
r-release-macos-arm64 0.4.3 NOTE
r-release-macos-x86_64 0.4.3 NOTE
r-release-windows-ix86+x86_64 0.4.3 15.00 121.00 136.00 NOTE
r-oldrel-macos-x86_64 0.4.3 OK
r-oldrel-windows-ix86+x86_64 0.4.3 25.00 118.00 143.00 OK

Check Details

Version: 0.4.3
Check: LazyData
Result: NOTE
     'LazyData' is specified without a 'data' directory
Flavors: r-devel-linux-x86_64-debian-clang, r-devel-linux-x86_64-debian-gcc, r-devel-linux-x86_64-fedora-clang, r-devel-linux-x86_64-fedora-gcc, r-devel-windows-x86_64, r-devel-windows-x86_64-gcc10-UCRT, r-patched-linux-x86_64, r-release-linux-x86_64, r-release-macos-arm64, r-release-macos-x86_64, r-release-windows-ix86+x86_64