CRAN Package Check Results for Package rCAT

Last updated on 2021-06-13 21:48:23 CEST.

Flavor Version Tinstall Tcheck Ttotal Status Flags
r-devel-linux-x86_64-debian-clang 0.1.6 4.04 42.84 46.88 NOTE
r-devel-linux-x86_64-debian-gcc 0.1.6 2.85 33.77 36.62 NOTE
r-devel-linux-x86_64-fedora-clang 0.1.6 65.11 NOTE
r-devel-linux-x86_64-fedora-gcc 0.1.6 58.49 NOTE
r-devel-windows-x86_64 0.1.6 7.00 64.00 71.00 NOTE
r-devel-windows-x86_64-gcc10-UCRT 0.1.6 NOTE
r-patched-linux-x86_64 0.1.6 3.88 42.18 46.06 NOTE
r-patched-solaris-x86 0.1.6 85.60 NOTE
r-release-linux-x86_64 0.1.6 3.80 41.80 45.60 NOTE
r-release-macos-arm64 0.1.6 NOTE
r-release-macos-x86_64 0.1.6 NOTE
r-release-windows-ix86+x86_64 0.1.6 8.00 66.00 74.00 NOTE
r-oldrel-macos-x86_64 0.1.6 OK
r-oldrel-windows-ix86+x86_64 0.1.6 7.00 62.00 69.00 OK

Check Details

Version: 0.1.6
Check: LazyData
Result: NOTE
     'LazyData' is specified without a 'data' directory
Flavors: r-devel-linux-x86_64-debian-clang, r-devel-linux-x86_64-debian-gcc, r-devel-linux-x86_64-fedora-clang, r-devel-linux-x86_64-fedora-gcc, r-devel-windows-x86_64, r-devel-windows-x86_64-gcc10-UCRT, r-patched-linux-x86_64, r-patched-solaris-x86, r-release-linux-x86_64, r-release-macos-arm64, r-release-macos-x86_64, r-release-windows-ix86+x86_64