CRAN Package Check Results for Package r2pmml

Last updated on 2021-09-24 16:50:13 CEST.

Flavor Version Tinstall Tcheck Ttotal Status Flags
r-devel-linux-x86_64-debian-clang 0.26.0 2.86 27.45 30.31 OK
r-devel-linux-x86_64-debian-gcc 0.26.0 1.90 21.97 23.87 OK
r-devel-linux-x86_64-fedora-clang 0.26.0 44.96 OK
r-devel-linux-x86_64-fedora-gcc 0.26.0 34.07 OK
r-devel-windows-x86_64 0.26.0 5.00 35.00 40.00 OK
r-devel-windows-x86_64-gcc10-UCRT 0.26.0 OK
r-patched-linux-x86_64 0.26.0 2.95 26.64 29.59 OK
r-patched-solaris-x86 0.26.0 54.40 NOTE
r-release-linux-x86_64 0.26.0 2.57 26.66 29.23 OK
r-release-macos-arm64 0.26.0 OK
r-release-macos-x86_64 0.26.0 OK
r-release-windows-ix86+x86_64 0.26.0 6.00 35.00 41.00 OK
r-oldrel-macos-x86_64 0.26.0 OK
r-oldrel-windows-ix86+x86_64 0.26.0 16.00 33.00 49.00 OK

Check Details

Version: 0.26.0
Check: installed package size
Result: NOTE
     installed size is 5.0Mb
     sub-directories of 1Mb or more:
     java 4.9Mb
Flavor: r-patched-solaris-x86