CRAN Package Check Results for Package r2dii.data

Last updated on 2022-01-19 00:46:32 CET.

Flavor Version Tinstall Tcheck Ttotal Status Flags
r-devel-linux-x86_64-debian-clang 0.2.2 2.86 38.21 41.07 OK
r-devel-linux-x86_64-debian-gcc 0.2.2 2.52 29.79 32.31 OK
r-devel-linux-x86_64-fedora-clang 0.2.2 51.25 NOTE
r-devel-linux-x86_64-fedora-gcc 0.2.2 38.98 NOTE
r-devel-windows-x86_64-new-UL 0.2.2 90.00 70.00 160.00 OK
r-devel-windows-x86_64-new-TK 0.2.2 NOTE
r-patched-linux-x86_64 0.2.2 3.60 36.18 39.78 OK
r-release-linux-x86_64 0.2.2 OK
r-release-macos-arm64 0.2.2 NOTE
r-release-macos-x86_64 0.2.2 NOTE
r-release-windows-ix86+x86_64 0.2.2 8.00 49.00 57.00 OK
r-oldrel-macos-x86_64 0.2.2 NOTE
r-oldrel-windows-ix86+x86_64 0.2.2 8.00 51.00 59.00 OK

Check Details

Version: 0.2.2
Check: data for non-ASCII characters
Result: NOTE
     Note: found 34 marked UTF-8 strings
Flavors: r-devel-linux-x86_64-fedora-clang, r-devel-linux-x86_64-fedora-gcc, r-devel-windows-x86_64-new-TK, r-release-macos-arm64, r-release-macos-x86_64, r-oldrel-macos-x86_64