Last updated on 2023-03-30 05:49:19 CEST.
Flavor | Version | Tinstall | Tcheck | Ttotal | Status | Flags |
---|---|---|---|---|---|---|
r-devel-linux-x86_64-debian-clang | 1.5.0 | 6.89 | 86.35 | 93.24 | OK | |
r-devel-linux-x86_64-debian-gcc | 1.5.0 | 5.00 | 65.29 | 70.29 | OK | |
r-devel-linux-x86_64-fedora-clang | 1.5.0 | 117.28 | NOTE | |||
r-devel-linux-x86_64-fedora-gcc | 1.5.0 | 120.83 | NOTE | |||
r-devel-windows-x86_64 | 1.5.0 | 21.00 | 0.00 | 21.00 | OK | |
r-patched-linux-x86_64 | 1.5.0 | 6.48 | 82.62 | 89.10 | OK | |
r-release-linux-x86_64 | 1.5.0 | 6.91 | 84.72 | 91.63 | OK | |
r-release-macos-arm64 | 1.5.0 | 37.00 | NOTE | |||
r-release-macos-x86_64 | 1.5.0 | 71.00 | NOTE | |||
r-release-windows-x86_64 | 1.5.0 | 18.00 | 113.00 | 131.00 | OK | |
r-oldrel-macos-arm64 | 1.5.0 | 51.00 | NOTE | |||
r-oldrel-macos-x86_64 | 1.5.0 | 60.00 | NOTE | |||
r-oldrel-windows-ix86+x86_64 | 1.5.0 | 15.00 | 117.00 | 132.00 | OK |
Version: 1.5.0
Check: dependencies in R code
Result: NOTE
Namespace in Imports field not imported from: ‘psych’
All declared Imports should be used.
Flavors: r-devel-linux-x86_64-fedora-clang, r-devel-linux-x86_64-fedora-gcc, r-release-macos-arm64, r-release-macos-x86_64, r-oldrel-macos-arm64, r-oldrel-macos-x86_64
Version: 1.5.0
Check: Rd cross-references
Result: NOTE
Undeclared package ‘PredictABEL’ in Rd xrefs
Flavor: r-devel-linux-x86_64-fedora-clang