Last updated on 2023-03-29 04:51:20 CEST.
Flavor | Version | Tinstall | Tcheck | Ttotal | Status | Flags |
---|---|---|---|---|---|---|
r-devel-linux-x86_64-debian-clang | 0.1.0 | 4.15 | 46.67 | 50.82 | OK | |
r-devel-linux-x86_64-debian-gcc | 0.1.0 | 3.34 | 35.68 | 39.02 | OK | |
r-devel-linux-x86_64-fedora-clang | 0.1.0 | 64.78 | NOTE | |||
r-devel-linux-x86_64-fedora-gcc | 0.1.0 | 61.82 | NOTE | |||
r-devel-windows-x86_64 | 0.1.0 | 28.00 | 0.00 | 28.00 | OK | |
r-patched-linux-x86_64 | 0.1.0 | 10.66 | 45.22 | 55.88 | OK | |
r-release-linux-x86_64 | 0.1.0 | 4.00 | 41.91 | 45.91 | OK | |
r-release-macos-arm64 | 0.1.0 | 24.00 | NOTE | |||
r-release-macos-x86_64 | 0.1.0 | 44.00 | NOTE | |||
r-release-windows-x86_64 | 0.1.0 | 28.00 | 81.00 | 109.00 | OK | |
r-oldrel-macos-arm64 | 0.1.0 | 26.00 | NOTE | |||
r-oldrel-macos-x86_64 | 0.1.0 | 33.00 | NOTE | |||
r-oldrel-windows-ix86+x86_64 | 0.1.0 | 10.00 | 74.00 | 84.00 | OK |
Version: 0.1.0
Check: dependencies in R code
Result: NOTE
Namespaces in Imports field not imported from:
‘psych’ ‘psychTools’
All declared Imports should be used.
Flavors: r-devel-linux-x86_64-fedora-clang, r-devel-linux-x86_64-fedora-gcc, r-release-macos-arm64, r-release-macos-x86_64, r-oldrel-macos-arm64, r-oldrel-macos-x86_64
Version: 0.1.0
Check: Rd cross-references
Result: NOTE
Undeclared package ‘reshape’ in Rd xrefs
Flavor: r-devel-linux-x86_64-fedora-clang