CRAN Package Check Results for Package quantities

Last updated on 2021-09-20 04:58:32 CEST.

Flavor Version Tinstall Tcheck Ttotal Status Flags
r-devel-linux-x86_64-debian-clang 0.1.6 21.14 45.53 66.67 OK
r-devel-linux-x86_64-debian-gcc 0.1.6 13.61 35.15 48.76 OK
r-devel-linux-x86_64-fedora-clang 0.1.6 92.31 OK
r-devel-linux-x86_64-fedora-gcc 0.1.6 76.43 OK
r-devel-windows-x86_64 0.1.6 22.00 62.00 84.00 OK
r-devel-windows-x86_64-gcc10-UCRT 0.1.6 ERROR
r-patched-linux-x86_64 0.1.6 16.01 44.21 60.22 OK
r-patched-solaris-x86 0.1.6 105.30 OK
r-release-linux-x86_64 0.1.6 15.09 44.09 59.18 OK
r-release-macos-arm64 0.1.6 OK
r-release-macos-x86_64 0.1.6 OK
r-release-windows-ix86+x86_64 0.1.6 45.00 74.00 119.00 OK
r-oldrel-macos-x86_64 0.1.6 OK
r-oldrel-windows-ix86+x86_64 0.1.6 46.00 80.00 126.00 OK

Check Details

Version: 0.1.6
Check: whether package can be installed
Result: ERROR
    Installation failed.
Flavor: r-devel-windows-x86_64-gcc10-UCRT