CRAN Package Check Results for Package quanteda.textmodels

Last updated on 2021-07-30 19:50:21 CEST.

Flavor Version Tinstall Tcheck Ttotal Status Flags
r-devel-linux-x86_64-debian-clang 0.9.4 OK
r-devel-linux-x86_64-debian-gcc 0.9.4 89.76 201.87 291.63 OK
r-devel-linux-x86_64-fedora-clang 0.9.4 514.72 NOTE
r-devel-linux-x86_64-fedora-gcc 0.9.4 529.05 NOTE
r-devel-windows-x86_64 0.9.4 120.00 354.00 474.00 NOTE
r-devel-windows-x86_64-gcc10-UCRT 0.9.4 NOTE
r-patched-linux-x86_64 0.9.4 OK
r-patched-solaris-x86 0.9.4 899.80 NOTE
r-release-linux-x86_64 0.9.4 102.24 250.52 352.76 OK
r-release-macos-arm64 0.9.4 NOTE
r-release-macos-x86_64 0.9.4 NOTE
r-release-windows-ix86+x86_64 0.9.4 302.00 438.00 740.00 NOTE
r-oldrel-macos-x86_64 0.9.4 NOTE
r-oldrel-windows-ix86+x86_64 0.9.4 220.00 425.00 645.00 NOTE

Check Details

Version: 0.9.4
Check: installed package size
Result: NOTE
     installed size is 10.4Mb
     sub-directories of 1Mb or more:
     data 3.8Mb
     libs 6.2Mb
Flavors: r-devel-linux-x86_64-fedora-clang, r-devel-windows-x86_64, r-patched-solaris-x86, r-release-macos-arm64, r-release-macos-x86_64, r-release-windows-ix86+x86_64, r-oldrel-macos-x86_64, r-oldrel-windows-ix86+x86_64

Version: 0.9.4
Check: data for non-ASCII characters
Result: NOTE
     Note: found 35707 marked UTF-8 strings
Flavors: r-devel-linux-x86_64-fedora-clang, r-devel-linux-x86_64-fedora-gcc, r-devel-windows-x86_64-gcc10-UCRT, r-patched-solaris-x86, r-release-macos-arm64, r-release-macos-x86_64, r-oldrel-macos-x86_64