Last updated on 2022-06-30 05:58:00 CEST.
Flavor | Version | Tinstall | Tcheck | Ttotal | Status | Flags |
---|---|---|---|---|---|---|
r-devel-linux-x86_64-debian-clang | 3.2.1 | 243.44 | 298.84 | 542.28 | OK | |
r-devel-linux-x86_64-debian-gcc | 3.2.1 | 196.31 | 223.18 | 419.49 | OK | |
r-devel-linux-x86_64-fedora-clang | 3.2.1 | 718.09 | NOTE | |||
r-devel-linux-x86_64-fedora-gcc | 3.2.1 | 693.52 | NOTE | |||
r-devel-windows-x86_64 | 3.2.1 | 386.00 | 379.00 | 765.00 | OK | |
r-patched-linux-x86_64 | 3.2.1 | 204.95 | 287.89 | 492.84 | OK | |
r-release-linux-x86_64 | 3.2.1 | 208.90 | 280.82 | 489.72 | OK | |
r-release-macos-arm64 | 3.2.1 | 177.00 | NOTE | |||
r-release-macos-x86_64 | 3.2.1 | 218.00 | NOTE | |||
r-release-windows-x86_64 | 3.2.1 | 366.00 | 360.00 | 726.00 | OK | |
r-oldrel-macos-arm64 | 3.2.1 | 167.00 | NOTE | |||
r-oldrel-macos-x86_64 | 3.2.1 | 221.00 | NOTE | |||
r-oldrel-windows-ix86+x86_64 | 3.2.1 | 574.00 | 576.00 | 1150.00 | NOTE |
Version: 3.2.1
Check: installed package size
Result: NOTE
installed size is 9.0Mb
sub-directories of 1Mb or more:
libs 6.1Mb
Flavors: r-devel-linux-x86_64-fedora-clang, r-release-macos-arm64, r-release-macos-x86_64, r-oldrel-macos-arm64, r-oldrel-macos-x86_64, r-oldrel-windows-ix86+x86_64
Version: 3.2.1
Check: data for non-ASCII characters
Result: NOTE
Note: found 4 marked UTF-8 strings
Flavors: r-devel-linux-x86_64-fedora-clang, r-devel-linux-x86_64-fedora-gcc, r-release-macos-arm64, r-release-macos-x86_64, r-oldrel-macos-arm64, r-oldrel-macos-x86_64