CRAN Package Check Results for Package qualypsoss

Last updated on 2022-08-12 09:52:11 CEST.

Flavor Version Tinstall Tcheck Ttotal Status Flags
r-devel-linux-x86_64-debian-clang 1.0.0 4.08 33.59 37.67 NOTE
r-devel-linux-x86_64-debian-gcc 1.0.0 3.03 26.25 29.28 NOTE
r-devel-linux-x86_64-fedora-clang 1.0.0 55.93 NOTE
r-devel-linux-x86_64-fedora-gcc 1.0.0 54.55 NOTE
r-devel-windows-x86_64 1.0.0 16.00 58.00 74.00 NOTE
r-patched-linux-x86_64 1.0.0 4.30 31.87 36.17 NOTE
r-release-linux-x86_64 1.0.0 2.42 31.85 34.27 NOTE
r-release-macos-arm64 1.0.0 21.00 NOTE
r-release-macos-x86_64 1.0.0 27.00 NOTE
r-release-windows-x86_64 1.0.0 17.00 58.00 75.00 NOTE
r-oldrel-macos-arm64 1.0.0 23.00 NOTE
r-oldrel-macos-x86_64 1.0.0 31.00 NOTE
r-oldrel-windows-ix86+x86_64 1.0.0 9.00 53.00 62.00 NOTE

Check Details

Version: 1.0.0
Check: LazyData
Result: NOTE
     'LazyData' is specified without a 'data' directory
Flavors: r-devel-linux-x86_64-debian-clang, r-devel-linux-x86_64-debian-gcc, r-devel-linux-x86_64-fedora-clang, r-devel-linux-x86_64-fedora-gcc, r-devel-windows-x86_64, r-patched-linux-x86_64, r-release-linux-x86_64, r-release-macos-arm64, r-release-macos-x86_64, r-release-windows-x86_64, r-oldrel-macos-arm64, r-oldrel-macos-x86_64, r-oldrel-windows-ix86+x86_64

Version: 1.0.0
Check: dependencies in R code
Result: NOTE
    Namespace in Imports field not imported from: ‘methods’
     All declared Imports should be used.
Flavors: r-devel-linux-x86_64-fedora-clang, r-devel-linux-x86_64-fedora-gcc, r-release-macos-arm64, r-release-macos-x86_64, r-oldrel-macos-arm64, r-oldrel-macos-x86_64