CRAN Package Check Results for Package qualvar

Last updated on 2021-12-06 11:52:05 CET.

Flavor Version Tinstall Tcheck Ttotal Status Flags
r-devel-linux-x86_64-debian-clang 0.2.0 2.01 41.48 43.49 OK
r-devel-linux-x86_64-debian-gcc 0.2.0 1.34 32.11 33.45 OK
r-devel-linux-x86_64-fedora-clang 0.2.0 55.15 OK
r-devel-linux-x86_64-fedora-gcc 0.2.0 43.29 OK
r-devel-windows-x86_64-new-UL 0.2.0 7.00 79.00 86.00 OK
r-devel-windows-x86_64-new-TK 0.2.0 OK
r-devel-windows-x86_64-old 0.2.0 4.00 45.00 49.00 OK
r-patched-linux-x86_64 0.2.0 1.95 31.22 33.17 OK
r-release-linux-x86_64 0.2.0 2.02 39.82 41.84 OK
r-release-macos-arm64 0.2.0 OK
r-release-macos-x86_64 0.2.0 WARN
r-release-windows-ix86+x86_64 0.2.0 6.00 55.00 61.00 OK
r-oldrel-macos-x86_64 0.2.0 WARN
r-oldrel-windows-ix86+x86_64 0.2.0 5.00 52.00 57.00 OK

Check Details

Version: 0.2.0
Check: re-building of vignette outputs
Result: WARN
    Error(s) in re-building vignettes:
     ...
    --- re-building ‘wilcox1973.Rmd’ using rmarkdown
    Warning in engine$weave(file, quiet = quiet, encoding = enc) :
     Pandoc (>= 1.12.3) not available. Falling back to R Markdown v1.
    Quitting from lines 92-106 (wilcox1973.Rmd)
    Error: processing vignette 'wilcox1973.Rmd' failed with diagnostics:
    invalid 'path' argument
    --- failed re-building ‘wilcox1973.Rmd’
    
    SUMMARY: processing the following file failed:
     ‘wilcox1973.Rmd’
    
    Error: Vignette re-building failed.
    Execution halted
Flavor: r-release-macos-x86_64

Version: 0.2.0
Check: re-building of vignette outputs
Result: WARN
    Error(s) in re-building vignettes:
     ...
    --- re-building ‘wilcox1973.Rmd’ using rmarkdown
    Warning in engine$weave(file, quiet = quiet, encoding = enc) :
     Pandoc (>= 1.12.3) and/or pandoc-citeproc not available. Falling back to R Markdown v1.
    Quitting from lines 92-106 (wilcox1973.Rmd)
    Error: processing vignette 'wilcox1973.Rmd' failed with diagnostics:
    cannot open the connection
    --- failed re-building ‘wilcox1973.Rmd’
    
    SUMMARY: processing the following file failed:
     ‘wilcox1973.Rmd’
    
    Error: Vignette re-building failed.
    Execution halted
Flavor: r-oldrel-macos-x86_64