CRAN Package Check Results for Package qtl2ggplot

Last updated on 2022-01-27 12:53:59 CET.

Flavor Version Tinstall Tcheck Ttotal Status Flags
r-devel-linux-x86_64-debian-clang 1.1.0 24.34 176.98 201.32 OK
r-devel-linux-x86_64-debian-gcc 1.2.1 16.17 125.01 141.18 OK
r-devel-linux-x86_64-fedora-clang 1.2.1 243.16 NOTE
r-devel-linux-x86_64-fedora-gcc 1.2.1 225.54 OK
r-devel-windows-x86_64-new-UL 1.2.1 65.00 228.00 293.00 NOTE
r-devel-windows-x86_64-new-TK 1.2.1 OK
r-patched-linux-x86_64 1.2.1 29.24 154.43 183.67 OK
r-release-linux-x86_64 1.2.1 24.30 150.27 174.57 OK
r-release-macos-arm64 1.1.0 NOTE
r-release-macos-x86_64 1.2.1 NOTE
r-release-windows-ix86+x86_64 1.2.1 57.00 238.00 295.00 NOTE
r-oldrel-macos-x86_64 1.2.1 NOTE
r-oldrel-windows-ix86+x86_64 1.2.1 57.00 246.00 303.00 NOTE

Check Details

Version: 1.2.1
Check: installed package size
Result: NOTE
     installed size is 5.1Mb
     sub-directories of 1Mb or more:
     doc 4.4Mb
Flavors: r-devel-linux-x86_64-fedora-clang, r-devel-windows-x86_64-new-UL, r-release-macos-x86_64, r-release-windows-ix86+x86_64, r-oldrel-macos-x86_64, r-oldrel-windows-ix86+x86_64

Version: 1.1.0
Check: installed package size
Result: NOTE
     installed size is 5.4Mb
     sub-directories of 1Mb or more:
     doc 4.4Mb
Flavor: r-release-macos-arm64