Last updated on 2023-02-09 03:56:20 CET.
Flavor | Version | Tinstall | Tcheck | Ttotal | Status | Flags |
---|---|---|---|---|---|---|
r-devel-linux-x86_64-debian-clang | 1.58 | 111.73 | 414.04 | 525.77 | OK | |
r-devel-linux-x86_64-debian-gcc | 1.58 | 80.10 | 298.64 | 378.74 | OK | |
r-devel-linux-x86_64-fedora-clang | 1.58 | 617.56 | NOTE | |||
r-devel-linux-x86_64-fedora-gcc | 1.58 | 619.60 | OK | |||
r-devel-windows-x86_64 | 1.58 | 306.00 | 511.00 | 817.00 | NOTE | |
r-patched-linux-x86_64 | 1.58 | 103.27 | 381.49 | 484.76 | OK | |
r-release-linux-x86_64 | 1.58 | 91.93 | 385.49 | 477.42 | OK | |
r-release-macos-arm64 | 1.58 | 132.00 | NOTE | |||
r-release-macos-x86_64 | 1.58 | 191.00 | NOTE | |||
r-release-windows-x86_64 | 1.58 | 291.00 | 497.00 | 788.00 | NOTE | |
r-oldrel-macos-arm64 | 1.58 | 127.00 | NOTE | |||
r-oldrel-macos-x86_64 | 1.58 | 193.00 | NOTE | |||
r-oldrel-windows-ix86+x86_64 | 1.58 | 188.00 | 577.00 | 765.00 | NOTE |
Version: 1.58
Check: installed package size
Result: NOTE
installed size is 10.6Mb
sub-directories of 1Mb or more:
R 1.7Mb
contrib 3.8Mb
doc 3.0Mb
Flavors: r-devel-linux-x86_64-fedora-clang, r-devel-windows-x86_64, r-release-macos-arm64, r-release-macos-x86_64, r-release-windows-x86_64, r-oldrel-macos-arm64, r-oldrel-macos-x86_64, r-oldrel-windows-ix86+x86_64