CRAN Package Check Results for Package qrLMM

Last updated on 2021-10-25 04:54:20 CEST.

Flavor Version Tinstall Tcheck Ttotal Status Flags
r-devel-linux-x86_64-debian-clang 2.1 12.07 90.67 102.74 OK
r-devel-linux-x86_64-debian-gcc 2.1 10.17 72.31 82.48 OK
r-devel-linux-x86_64-fedora-clang 2.1 138.03 NOTE
r-devel-linux-x86_64-fedora-gcc 2.1 127.86 OK
r-devel-windows-x86_64 2.1 16.00 81.00 97.00 OK
r-devel-windows-x86_64-gcc10-UCRT 2.1 OK
r-patched-linux-x86_64 2.1 12.45 89.34 101.79 OK
r-patched-solaris-x86 2.1 204.20 OK
r-release-linux-x86_64 2.1 11.70 89.91 101.61 OK
r-release-macos-arm64 2.1 OK
r-release-macos-x86_64 2.1 OK
r-release-windows-ix86+x86_64 2.1 17.00 110.00 127.00 OK
r-oldrel-macos-x86_64 2.1 OK
r-oldrel-windows-ix86+x86_64 2.1 24.00 117.00 141.00 OK

Check Details

Version: 2.1
Check: Rd cross-references
Result: NOTE
    Undeclared package ‘qrNLMM’ in Rd xrefs
Flavor: r-devel-linux-x86_64-fedora-clang