CRAN Package Check Results for Package qpmadr

Last updated on 2022-10-04 11:50:19 CEST.

Flavor Version Tinstall Tcheck Ttotal Status Flags
r-devel-linux-x86_64-debian-clang 1.1.0-0 39.03 30.89 69.92 OK
r-devel-linux-x86_64-debian-gcc 1.1.0-0 30.08 25.10 55.18 OK
r-devel-linux-x86_64-fedora-clang 1.1.0-0 103.98 OK
r-devel-linux-x86_64-fedora-gcc 1.1.0-0 99.79 OK
r-devel-windows-x86_64 1.1.0-0 33.00 79.00 112.00 OK
r-patched-linux-x86_64 1.1.0-0 33.71 30.70 64.41 OK
r-release-linux-x86_64 1.1.0-0 37.04 30.63 67.67 OK
r-release-macos-arm64 1.1.0-0 30.00 NOTE
r-release-macos-x86_64 1.1.0-0 37.00 NOTE
r-release-windows-x86_64 1.1.0-0 37.00 77.00 114.00 OK
r-oldrel-macos-arm64 1.1.0-0 39.00 NOTE
r-oldrel-macos-x86_64 1.1.0-0 36.00 NOTE
r-oldrel-windows-ix86+x86_64 1.1.0-0 88.00 83.00 171.00 OK

Check Details

Version: 1.1.0-0
Check: installed package size
Result: NOTE
     installed size is 8.7Mb
     sub-directories of 1Mb or more:
     libs 8.5Mb
Flavors: r-release-macos-arm64, r-release-macos-x86_64, r-oldrel-macos-arm64, r-oldrel-macos-x86_64