CRAN Package Check Results for Package qlcMatrix

Last updated on 2021-11-30 11:52:06 CET.

Flavor Version Tinstall Tcheck Ttotal Status Flags
r-devel-linux-x86_64-debian-clang 0.9.7 9.47 106.27 115.74 OK
r-devel-linux-x86_64-debian-gcc 0.9.7 8.22 81.81 90.03 OK
r-devel-linux-x86_64-fedora-clang 0.9.7 149.56 NOTE
r-devel-linux-x86_64-fedora-gcc 0.9.7 137.82 NOTE
r-devel-windows-x86_64-new-UL 0.9.7 19.00 159.00 178.00 OK
r-devel-windows-x86_64-new-TK 0.9.7 NOTE
r-devel-windows-x86_64-old 0.9.7 13.00 104.00 117.00 OK
r-patched-linux-x86_64 0.9.7 12.02 98.39 110.41 OK
r-patched-solaris-x86 0.9.7 201.70 NOTE
r-release-linux-x86_64 0.9.7 9.25 98.52 107.77 OK
r-release-macos-arm64 0.9.7 NOTE
r-release-macos-x86_64 0.9.7 NOTE
r-release-windows-ix86+x86_64 0.9.7 20.00 102.00 122.00 OK
r-oldrel-macos-x86_64 0.9.7 NOTE
r-oldrel-windows-ix86+x86_64 0.9.7 13.00 136.00 149.00 OK

Check Details

Version: 0.9.7
Check: data for non-ASCII characters
Result: NOTE
     Note: found 76102 marked UTF-8 strings
Flavors: r-devel-linux-x86_64-fedora-clang, r-devel-linux-x86_64-fedora-gcc, r-devel-windows-x86_64-new-TK, r-patched-solaris-x86, r-release-macos-arm64, r-release-macos-x86_64, r-oldrel-macos-x86_64