CRAN Package Check Results for Package qkerntool

Last updated on 2021-09-20 16:50:52 CEST.

Flavor Version Tinstall Tcheck Ttotal Status Flags
r-devel-linux-x86_64-debian-clang 1.19 16.71 70.51 87.22 OK
r-devel-linux-x86_64-debian-gcc 1.19 10.86 50.47 61.33 OK
r-devel-linux-x86_64-fedora-clang 1.19 105.88 OK
r-devel-linux-x86_64-fedora-gcc 1.19 95.35 OK
r-devel-windows-x86_64 1.19 20.00 70.00 90.00 OK
r-devel-windows-x86_64-gcc10-UCRT 1.19 ERROR
r-patched-linux-x86_64 1.19 16.01 64.61 80.62 OK
r-patched-solaris-x86 1.19 130.70 OK
r-release-linux-x86_64 1.19 13.73 64.31 78.04 OK
r-release-macos-arm64 1.19 OK
r-release-macos-x86_64 1.19 OK
r-release-windows-ix86+x86_64 1.19 27.00 68.00 95.00 OK
r-oldrel-macos-x86_64 1.19 OK
r-oldrel-windows-ix86+x86_64 1.19 27.00 71.00 98.00 OK

Check Details

Version: 1.19
Check: whether package can be installed
Result: WARN
    Found the following significant warnings:
     WARNING: installation-time patches will not be applied, could not get the patches index
Flavor: r-devel-windows-x86_64-gcc10-UCRT

Version: 1.19
Check: PDF version of manual
Result: WARN
    LaTeX errors when creating PDF version.
    This typically indicates Rd problems.
Flavor: r-devel-windows-x86_64-gcc10-UCRT

Version: 1.19
Check: PDF version of manual without hyperrefs or index
Result: ERROR
    Re-running with no redirection of stdout/stderr.
Flavor: r-devel-windows-x86_64-gcc10-UCRT