CRAN Package Check Results for Package qiitr

Last updated on 2022-01-22 00:48:34 CET.

Flavor Version Tinstall Tcheck Ttotal Status Flags
r-devel-linux-x86_64-debian-clang 0.1.1 2.18 31.72 33.90 NOTE
r-devel-linux-x86_64-debian-gcc 0.1.1 1.87 25.13 27.00 NOTE
r-devel-linux-x86_64-fedora-clang 0.1.1 42.26 NOTE
r-devel-linux-x86_64-fedora-gcc 0.1.1 31.32 NOTE
r-devel-windows-x86_64-new-UL 0.1.1 34.00 51.00 85.00 NOTE
r-devel-windows-x86_64-new-TK 0.1.1 NOTE
r-patched-linux-x86_64 0.1.1 2.30 30.78 33.08 NOTE
r-release-linux-x86_64 0.1.1 2.29 30.51 32.80 NOTE
r-release-macos-arm64 0.1.1 NOTE
r-release-macos-x86_64 0.1.1 NOTE
r-release-windows-ix86+x86_64 0.1.1 10.00 39.00 49.00 NOTE
r-oldrel-macos-x86_64 0.1.1 OK
r-oldrel-windows-ix86+x86_64 0.1.1 6.00 40.00 46.00 OK

Check Details

Version: 0.1.1
Check: LazyData
Result: NOTE
     'LazyData' is specified without a 'data' directory
Flavors: r-devel-linux-x86_64-debian-clang, r-devel-linux-x86_64-debian-gcc, r-devel-linux-x86_64-fedora-clang, r-devel-linux-x86_64-fedora-gcc, r-devel-windows-x86_64-new-UL, r-devel-windows-x86_64-new-TK, r-patched-linux-x86_64, r-release-linux-x86_64, r-release-macos-arm64, r-release-macos-x86_64, r-release-windows-ix86+x86_64