CRAN Package Check Results for Package qcapower

Last updated on 2022-08-11 09:53:26 CEST.

Flavor Version Tinstall Tcheck Ttotal Status Flags
r-devel-linux-x86_64-debian-clang 0.1.0 6.30 70.15 76.45 OK
r-devel-linux-x86_64-debian-gcc 0.1.0 5.12 51.56 56.68 OK
r-devel-linux-x86_64-fedora-clang 0.1.0 98.86 NOTE
r-devel-linux-x86_64-fedora-gcc 0.1.0 96.10 NOTE
r-devel-windows-x86_64 0.1.0 15.00 95.00 110.00 OK
r-patched-linux-x86_64 0.1.0 6.78 64.78 71.56 OK
r-release-linux-x86_64 0.1.0 OK
r-release-macos-arm64 0.1.0 28.00 NOTE
r-release-macos-x86_64 0.1.0 58.00 NOTE
r-release-windows-x86_64 0.1.0 19.00 95.00 114.00 OK
r-oldrel-macos-arm64 0.1.0 35.00 NOTE
r-oldrel-macos-x86_64 0.1.0 48.00 NOTE
r-oldrel-windows-ix86+x86_64 0.1.0 18.00 89.00 107.00 OK

Check Details

Version: 0.1.0
Check: dependencies in R code
Result: NOTE
    Namespace in Imports field not imported from: ‘devtools’
     All declared Imports should be used.
Flavors: r-devel-linux-x86_64-fedora-clang, r-devel-linux-x86_64-fedora-gcc, r-release-macos-arm64, r-release-macos-x86_64, r-oldrel-macos-arm64, r-oldrel-macos-x86_64